{"id":70,"date":"2013-03-18T14:19:33","date_gmt":"2013-03-18T18:19:33","guid":{"rendered":"http:\/\/csmer.uprrp.edu\/?page_id=70"},"modified":"2025-02-03T12:05:45","modified_gmt":"2025-02-03T16:05:45","slug":"centros-participantes","status":"publish","type":"page","link":"https:\/\/csmer.uprrp.edu\/?page_id=70","title":{"rendered":"Centros Participantes"},"content":{"rendered":"\n<figure class=\"wp-block-table\"><table><thead><tr><th class=\"has-text-align-center\" data-align=\"center\">Nivel<\/th><th class=\"has-text-align-center\" data-align=\"center\">Centro<\/th><th class=\"has-text-align-center\" data-align=\"center\">Maestro Recurso<\/th><th class=\"has-text-align-center\" data-align=\"center\">Municipio<\/th><\/tr><\/thead><tbody><tr><td class=\"has-text-align-center\" data-align=\"center\">I<\/td><td class=\"has-text-align-center\" data-align=\"center\">Generoso Morales<\/td><td class=\"has-text-align-center\" data-align=\"center\">Bellanira Borrero (Cs)<br>Rosa Figueroa (M)<br>Jennifer Serrano (M)<\/td><td class=\"has-text-align-center\" data-align=\"center\">San Lorenzo<\/td><\/tr><tr><td class=\"has-text-align-center\" data-align=\"center\">S<\/td><td class=\"has-text-align-center\" data-align=\"center\">Juan Quirindongo<\/td><td class=\"has-text-align-center\" data-align=\"center\">Josiel Rosado (M)<br>Nancy Hern\u00e1ndez (Cs)<\/td><td class=\"has-text-align-center\" data-align=\"center\">Vega Baja<\/td><\/tr><tr><td class=\"has-text-align-center\" data-align=\"center\">S<\/td><td class=\"has-text-align-center\" data-align=\"center\">Pablo Col\u00f3n Berdecia<\/td><td class=\"has-text-align-center\" data-align=\"center\">Clara Abad (Cs)<br>Ra\u00fal Marrero (M)<\/td><td class=\"has-text-align-center\" data-align=\"center\">Barranquitas<\/td><\/tr><tr><td class=\"has-text-align-center\" data-align=\"center\">I<\/td><td class=\"has-text-align-center\" data-align=\"center\">Rafael Font Flores<\/td><td class=\"has-text-align-center\" data-align=\"center\">Glorivill (M)<br>Lydia Ort\u00edz (Cs)<\/td><td class=\"has-text-align-center\" data-align=\"center\">Aibonito<\/td><\/tr><tr><td class=\"has-text-align-center\" data-align=\"center\">S<\/td><td class=\"has-text-align-center\" data-align=\"center\">Francisco Gaztambide<\/td><td class=\"has-text-align-center\" data-align=\"center\">Sandra Beltr\u00e1n (Cs)<br>Mar\u00eda Rosado (M)<\/td><td class=\"has-text-align-center\" data-align=\"center\">Bayam\u00f3n<\/td><\/tr><tr><td class=\"has-text-align-center\" data-align=\"center\">S<\/td><td class=\"has-text-align-center\" data-align=\"center\">Eugenio M. Hostos<\/td><td class=\"has-text-align-center\" data-align=\"center\">Rosa Olivencia (Cs)<br>Gregorio Ruiz (M)<\/td><td class=\"has-text-align-center\" data-align=\"center\">Mayag\u00fcez<\/td><\/tr><tr><td class=\"has-text-align-center\" data-align=\"center\">Se<\/td><td class=\"has-text-align-center\" data-align=\"center\">Laura Mercado <\/td><td class=\"has-text-align-center\" data-align=\"center\">Lourdes Guilfucci (Cs)<br>Myrna Ruiz (M)<\/td><td class=\"has-text-align-center\" data-align=\"center\">San Germ\u00e1n<\/td><\/tr><\/tbody><\/table><figcaption class=\"wp-element-caption\">Nivel (I &#8211; intermedio, Se &#8211; secundario, S &#8211; superior); Cs (ciencias), M (matem\u00e1tica)<\/figcaption><\/figure>\n","protected":false},"excerpt":{"rendered":"<p>Nivel Centro Maestro Recurso Municipio I Generoso Morales Bellanira Borrero (Cs)Rosa Figueroa (M)Jennifer Serrano (M) San Lorenzo S Juan Quirindongo Josiel Rosado (M)Nancy Hern\u00e1ndez (Cs) Vega Baja S Pablo Col\u00f3n Berdecia Clara Abad (Cs)Ra\u00fal Marrero (M) Barranquitas I Rafael Font Flores Glorivill (M)Lydia Ort\u00edz (Cs) Aibonito S Francisco Gaztambide Sandra Beltr\u00e1n (Cs)Mar\u00eda Rosado (M) Bayam\u00f3n&#8230;<\/p>\n","protected":false},"author":1,"featured_media":0,"parent":19,"menu_order":1,"comment_status":"closed","ping_status":"closed","template":"","meta":{"_kad_post_transparent":"","_kad_post_title":"","_kad_post_layout":"","_kad_post_sidebar_id":"","_kad_post_content_style":"","_kad_post_vertical_padding":"","_kad_post_feature":"","_kad_post_feature_position":"","_kad_post_header":false,"_kad_post_footer":false,"_kad_post_classname":"","footnotes":""},"class_list":["post-70","page","type-page","status-publish","hentry"],"_links":{"self":[{"href":"https:\/\/csmer.uprrp.edu\/index.php?rest_route=\/wp\/v2\/pages\/70","targetHints":{"allow":["GET"]}}],"collection":[{"href":"https:\/\/csmer.uprrp.edu\/index.php?rest_route=\/wp\/v2\/pages"}],"about":[{"href":"https:\/\/csmer.uprrp.edu\/index.php?rest_route=\/wp\/v2\/types\/page"}],"author":[{"embeddable":true,"href":"https:\/\/csmer.uprrp.edu\/index.php?rest_route=\/wp\/v2\/users\/1"}],"replies":[{"embeddable":true,"href":"https:\/\/csmer.uprrp.edu\/index.php?rest_route=%2Fwp%2Fv2%2Fcomments&post=70"}],"version-history":[{"count":3,"href":"https:\/\/csmer.uprrp.edu\/index.php?rest_route=\/wp\/v2\/pages\/70\/revisions"}],"predecessor-version":[{"id":3399,"href":"https:\/\/csmer.uprrp.edu\/index.php?rest_route=\/wp\/v2\/pages\/70\/revisions\/3399"}],"up":[{"embeddable":true,"href":"https:\/\/csmer.uprrp.edu\/index.php?rest_route=\/wp\/v2\/pages\/19"}],"wp:attachment":[{"href":"https:\/\/csmer.uprrp.edu\/index.php?rest_route=%2Fwp%2Fv2%2Fmedia&parent=70"}],"curies":[{"name":"wp","href":"https:\/\/api.w.org\/{rel}","templated":true}]}}