{"id":262,"date":"2013-09-19T15:27:49","date_gmt":"2013-09-19T19:27:49","guid":{"rendered":"http:\/\/csmer.uprrp.edu\/?page_id=262"},"modified":"2024-12-01T15:02:10","modified_gmt":"2024-12-01T19:02:10","slug":"actividades","status":"publish","type":"page","link":"https:\/\/csmer.uprrp.edu\/?page_id=262","title":{"rendered":"Galer\u00eda"},"content":{"rendered":"<table id=\"AutoNumber2\" style=\"width: 100%; height: 801px;\" border=\"0\" cellspacing=\"0\" cellpadding=\"0\">\n<tbody>\n<tr>\n<td height=\"134\"><a href=\"http:\/\/alacima.uprrp.edu\/alfa\/Fotogaleria\/Conceptuacion_Centros_Recursos.swf\" target=\"_blank\" rel=\"noopener noreferrer\"><img loading=\"lazy\" decoding=\"async\" src=\"http:\/\/alacima.uprrp.edu\/alfa\/images\/conceptuacion.gif\" alt=\"\" width=\"113\" height=\"113\" border=\"0\" \/><\/a><\/td>\n<td style=\"text-align: left;\" height=\"134\"><span style=\"color: #000000; font-family: arial, helvetica, sans-serif; font-size: 12px;\"><a href=\"http:\/\/alacima.uprrp.edu\/alfa\/Fotogaleria\/Conceptuacion_Centros_Recursos.swf\" target=\"_blank\" rel=\"noopener noreferrer\"><span style=\"color: #000000;\">Conceptuaci\u00f3n de los Centros de Recursos<\/span><\/a><\/span><\/td>\n<td height=\"134\"><span style=\"color: #000000; font-family: arial, helvetica, sans-serif; font-size: 12px;\"><a href=\"http:\/\/alacima.uprrp.edu\/alfa\/Fotogaleria\/Residencial_Comunidades.swf\" target=\"_blank\" rel=\"noopener noreferrer\"><span style=\"color: #000000;\"><img loading=\"lazy\" decoding=\"async\" src=\"http:\/\/alacima.uprrp.edu\/alfa\/images\/residencial_comunidades.gif\" alt=\"\" width=\"114\" height=\"113\" border=\"0\" \/><\/span><\/a><\/span><\/td>\n<td height=\"134\"><span style=\"color: #000000; font-family: arial, helvetica, sans-serif; font-size: 12px;\"><a href=\"http:\/\/alacima.uprrp.edu\/alfa\/Fotogaleria\/Residencial_Comunidades.swf\" target=\"_blank\" rel=\"noopener noreferrer\"><span style=\"color: #000000;\">Residencial Comunidades &#8211; Zona de R\u00edo Piedras<\/span><\/a><\/span><\/td>\n<\/tr>\n<tr>\n<td height=\"122\"><a href=\"http:\/\/alacima.uprrp.edu\/alfa\/Fotogaleria\/Campamento_HaciendaBuenaVista.swf\" target=\"_blank\" rel=\"noopener noreferrer\"><img loading=\"lazy\" decoding=\"async\" src=\"http:\/\/alacima.uprrp.edu\/alfa\/images\/circulo_buenavista.jpg\" alt=\"\" width=\"111\" height=\"112\" border=\"0\" \/><\/a><\/td>\n<td height=\"122\"><span style=\"color: #000000; font-family: arial, helvetica, sans-serif; font-size: 12px;\"><a href=\"http:\/\/alacima.uprrp.edu\/alfa\/Fotogaleria\/Campamento_HaciendaBuenaVista.swf\" target=\"_blank\" rel=\"noopener noreferrer\"><span style=\"color: #000000;\">Campamento Hacienda Buena Vista de Ponce en la Zona de Cayey<\/span><\/a><\/span><\/td>\n<td align=\"center\" height=\"134\">\n<p align=\"left\"><span style=\"color: #000000; font-family: arial, helvetica, sans-serif; font-size: 12px;\"><a href=\"http:\/\/alacima.uprrp.edu\/alfa\/Fotogaleria\/Campamento_Verano.swf\" target=\"_blank\" rel=\"noopener noreferrer\"><span style=\"color: #000000;\"><img loading=\"lazy\" decoding=\"async\" src=\"http:\/\/alacima.uprrp.edu\/alfa\/images\/circulo_catolica.jpg\" alt=\"\" width=\"114\" height=\"112\" border=\"0\" \/><\/span><\/a><\/span><\/p>\n<\/td>\n<td height=\"134\"><span style=\"color: #000000; font-family: arial, helvetica, sans-serif; font-size: 12px;\"><a href=\"http:\/\/alacima.uprrp.edu\/alfa\/Fotogaleria\/Campamento_Verano.swf\" target=\"_blank\" rel=\"noopener noreferrer\"><span style=\"color: #000000;\">Campamento de Verano en la Pontificia Universidad Cat\u00f3lica de Puerto Rico<\/span><\/a><\/span><\/td>\n<\/tr>\n<tr>\n<td height=\"151\"><a href=\"http:\/\/alacima.uprrp.edu\/alfa\/Fotogaleria\/Actividad_Equipo_Base.swf\" target=\"_blank\" rel=\"noopener noreferrer\"><img loading=\"lazy\" decoding=\"async\" src=\"http:\/\/alacima.uprrp.edu\/alfa\/images\/circulo_equipobase.jpg\" alt=\"\" width=\"111\" height=\"111\" border=\"0\" \/><\/a><\/td>\n<td height=\"151\"><span style=\"color: #000000; font-family: arial, helvetica, sans-serif; font-size: 12px;\"><a href=\"http:\/\/alacima.uprrp.edu\/alfa\/Fotogaleria\/Actividad_Equipo_Base.swf\" target=\"_blank\" rel=\"noopener noreferrer\"><span style=\"color: #000000;\">Actividad del Equipo Base 14 de agosto de 2004 &#8211; Wyndham Viejo San Juan<\/span><\/a><\/span><\/td>\n<td align=\"center\" height=\"122\">\n<p align=\"left\"><span style=\"color: #000000; font-family: arial, helvetica, sans-serif; font-size: 12px;\"><a href=\"http:\/\/alacima.uprrp.edu\/alfa\/Fotogaleria\/Campamento_Interamericana.swf\" target=\"_blank\" rel=\"noopener noreferrer\"><span style=\"color: #000000;\"><img loading=\"lazy\" decoding=\"async\" src=\"http:\/\/alacima.uprrp.edu\/alfa\/images\/circulo_inter.jpg\" alt=\"\" width=\"112\" height=\"111\" border=\"0\" \/><\/span><\/a><\/span><\/p>\n<\/td>\n<td height=\"122\"><span style=\"color: #000000; font-family: arial, helvetica, sans-serif; font-size: 12px;\"><a href=\"http:\/\/alacima.uprrp.edu\/alfa\/Fotogaleria\/Campamento_Interamericana.swf\" target=\"_blank\" rel=\"noopener noreferrer\"><span style=\"color: #000000;\">Campamento Interamericana &#8211; Verano 2004<\/span><\/a><\/span><\/td>\n<\/tr>\n<tr>\n<td height=\"126\"><a href=\"http:\/\/alacima.uprrp.edu\/alfa\/Fotogaleria\/Campamento_Nanotecnologia.swf\" target=\"_blank\" rel=\"noopener noreferrer\"><img loading=\"lazy\" decoding=\"async\" src=\"http:\/\/alacima.uprrp.edu\/alfa\/images\/circulo_nano.jpg\" alt=\"\" width=\"111\" height=\"111\" border=\"0\" \/><\/a><\/td>\n<td height=\"126\"><span style=\"color: #000000; font-family: arial, helvetica, sans-serif; font-size: 12px;\"><a href=\"http:\/\/alacima.uprrp.edu\/alfa\/Fotogaleria\/Campamento_Nanotecnologia.swf\" target=\"_blank\" rel=\"noopener noreferrer\"><span style=\"color: #000000;\">Campamento de Nanotecnolog\u00eda &#8211; UPR R\u00edo Piedras en la Zona de R\u00edo Piedras<\/span><\/a><\/span><\/td>\n<td align=\"center\" height=\"151\">\n<p align=\"left\"><span style=\"color: #000000; font-family: arial, helvetica, sans-serif; font-size: 12px;\"><a href=\"http:\/\/alacima.uprrp.edu\/alfa\/Fotogaleria\/Taller_Verano.swf\" target=\"_blank\" rel=\"noopener noreferrer\"><span style=\"color: #000000;\"><img loading=\"lazy\" decoding=\"async\" src=\"http:\/\/alacima.uprrp.edu\/alfa\/images\/image4.gif\" alt=\"\" width=\"113\" height=\"113\" border=\"0\" \/><\/span><\/a><\/span><\/p>\n<\/td>\n<td height=\"151\"><span style=\"color: #000000; font-family: arial, helvetica, sans-serif; font-size: 12px;\"><a href=\"http:\/\/alacima.uprrp.edu\/alfa\/Fotogaleria\/Taller_Verano.swf\" target=\"_blank\" rel=\"noopener noreferrer\"><span style=\"color: #000000;\">Talleres a maestros en el verano 2004<br \/>\n&#8211; Zona de Mayag\u00fcez<\/span><\/a><\/span><\/td>\n<\/tr>\n<tr>\n<td width=\"17%\" height=\"155\">\n<div align=\"right\"><span style=\"font-family: Arial;\"><a href=\"http:\/\/alacima.uprrp.edu\/alfa\/Fotogaleria\/Taller_Verano_RioPiedras.swf\" target=\"_blank\" rel=\"noopener noreferrer\"><img loading=\"lazy\" decoding=\"async\" src=\"http:\/\/alacima.uprrp.edu\/alfa\/images\/image1.gif\" alt=\"\" width=\"113\" height=\"114\" align=\"left\" border=\"0\" \/><\/a><\/span><\/div>\n<\/td>\n<td width=\"28%\" height=\"155\"><span style=\"color: #000000; font-family: arial, helvetica, sans-serif; font-size: 12px;\"><a href=\"http:\/\/alacima.uprrp.edu\/alfa\/Fotogaleria\/Taller_Verano_RioPiedras.swf\" target=\"_blank\" rel=\"noopener noreferrer\"><span style=\"color: #000000;\">Talleres a maestros en el verano 2004 &#8211; Zona de Rio Piedras.<\/span><\/a><\/span><\/td>\n<td align=\"center\" height=\"126\">\n<p align=\"left\"><span style=\"color: #000000; font-family: arial, helvetica, sans-serif; font-size: 12px;\"><a href=\"http:\/\/alacima.uprrp.edu\/alfa\/Fotogaleria\/Campamento_CabezasdeSanJuan.swf\" target=\"_blank\" rel=\"noopener noreferrer\"><span style=\"color: #000000;\"><img loading=\"lazy\" decoding=\"async\" src=\"http:\/\/alacima.uprrp.edu\/alfa\/images\/image3.gif\" alt=\"\" width=\"113\" height=\"113\" border=\"0\" \/><\/span><\/a><\/span><\/p>\n<\/td>\n<td height=\"126\"><span style=\"color: #000000; font-family: arial, helvetica, sans-serif; font-size: 12px;\"><a href=\"http:\/\/alacima.uprrp.edu\/alfa\/Fotogaleria\/Campamento_CabezasdeSanJuan.swf\" target=\"_blank\" rel=\"noopener noreferrer\"><span style=\"color: #000000;\">Campamento de Verano para estudiantes<br \/>\nde escuela elemental &#8211; Alianza con el Fideicomiso de Conservaci\u00f3n<\/span><\/a><\/span><\/td>\n<\/tr>\n<tr>\n<td width=\"17%\" height=\"113\">\n<div align=\"right\"><span style=\"font-family: Arial;\"><a href=\"http:\/\/alacima.uprrp.edu\/alfa\/Fotogaleria\/Taller_Verano_Humacao.swf\" target=\"_blank\" rel=\"noopener noreferrer\"><img loading=\"lazy\" decoding=\"async\" src=\"http:\/\/alacima.uprrp.edu\/alfa\/images\/image2.gif\" alt=\"\" width=\"114\" height=\"113\" align=\"left\" border=\"0\" \/><\/a><\/span><\/div>\n<\/td>\n<td width=\"28%\" height=\"113\">\n<p align=\"left\"><span style=\"color: #000000; font-family: arial, helvetica, sans-serif; font-size: 12px;\"><a href=\"http:\/\/alacima.uprrp.edu\/alfa\/Fotogaleria\/Taller_Verano_Humacao.swf\" target=\"_blank\" rel=\"noopener noreferrer\"><span style=\"color: #000000;\">Talleres a maestros en el verano 2004<br \/>\n&#8211; Zona de Humacao<\/span><\/a><\/span><\/p>\n<\/td>\n<td align=\"center\" width=\"16%\" height=\"155\">\n<p align=\"left\"><span style=\"color: #000000; font-family: arial, helvetica, sans-serif; font-size: 12px;\"><a href=\"http:\/\/alacima.uprrp.edu\/alfa\/Fotogaleria\/Orientacion_Maestros.swf\" target=\"_blank\" rel=\"noopener noreferrer\"><span style=\"color: #000000;\"><img loading=\"lazy\" decoding=\"async\" src=\"http:\/\/alacima.uprrp.edu\/alfa\/images\/circulo_orientacion.gif\" alt=\"\" width=\"111\" height=\"111\" border=\"0\" \/><\/span><\/a><\/span><\/p>\n<\/td>\n<td width=\"39%\" height=\"155\"><span style=\"color: #000000; font-family: arial, helvetica, sans-serif; font-size: 12px;\"><a href=\"http:\/\/alacima.uprrp.edu\/alfa\/Fotogaleria\/Orientacion_Maestros.swf\" target=\"_blank\" rel=\"noopener noreferrer\"><span style=\"color: #000000;\">Orientaci\u00f3n a maestros &#8211; febrero 2004<\/span><\/a><\/span><\/td>\n<\/tr>\n<\/tbody>\n<\/table>\n<p>Otras Actividades:<\/p>\n<p><span style=\"font-family: arial, helvetica, sans-serif; font-size: 12px;\"><a style=\"line-height: 1.5;\" title=\"Tim Lucas\" href=\"http:\/\/alacima.uprrp.edu\/alfa\/Fotogaleria\/Tim_Lucas.swf\" target=\"_blank\" rel=\"noopener noreferrer\">Tim Lucas<\/a><\/span><br \/>\n<span style=\"font-family: arial, helvetica, sans-serif; font-size: 12px;\"><a style=\"line-height: 1.5;\" title=\"Taller Inmersi\u00f3n\" href=\"http:\/\/alacima.uprrp.edu\/alfa\/Fotogaleria\/Taller_Inmersion.swf\" target=\"_blank\" rel=\"noopener noreferrer\">Taller Inmersion<\/a><\/span><br \/>\n<span style=\"font-family: arial, helvetica, sans-serif; font-size: 12px;\"><a style=\"line-height: 1.5;\" title=\"Site Visit\" href=\"http:\/\/alacima.uprrp.edu\/alfa\/Fotogaleria\/Site_Visit.swf\" target=\"_blank\" rel=\"noopener noreferrer\">Site Visit<\/a><\/span><br \/>\n<span style=\"font-family: arial, helvetica, sans-serif; font-size: 12px;\"><a style=\"line-height: 1.5;\" href=\"http:\/\/alacima.uprrp.edu\/alfa\/Fotogaleria\/Investigacion_Humacao.swf\" target=\"_blank\" rel=\"noopener noreferrer\">Investigaci\u00f3n Humacao<\/a><\/span><br \/>\n<span style=\"font-family: arial, helvetica, sans-serif; font-size: 12px;\"><a style=\"line-height: 1.5;\" href=\"http:\/\/alacima.uprrp.edu\/alfa\/Fotogaleria\/Campamento_Fideicomiso.swf\" target=\"_blank\" rel=\"noopener noreferrer\">Campamento Fideicomiso<\/a><\/span><br \/>\n<span style=\"font-family: arial, helvetica, sans-serif; font-size: 12px;\"><a style=\"line-height: 1.5;\" href=\"http:\/\/alacima.uprrp.edu\/alfa\/Fotogaleria\/Campamento_Ecologia.swf\" target=\"_blank\" rel=\"noopener noreferrer\">Campamento Ecologia<\/a><\/span><\/p>\n","protected":false},"excerpt":{"rendered":"<p>Conceptuaci\u00f3n de los Centros de Recursos Residencial Comunidades &#8211; Zona de R\u00edo Piedras Campamento Hacienda Buena Vista de Ponce en la Zona de Cayey Campamento de Verano en la Pontificia Universidad Cat\u00f3lica de Puerto Rico Actividad del Equipo Base 14 de agosto de 2004 &#8211; Wyndham Viejo San Juan Campamento Interamericana &#8211; Verano 2004 Campamento&#8230;<\/p>\n","protected":false},"author":1,"featured_media":0,"parent":13,"menu_order":10,"comment_status":"closed","ping_status":"closed","template":"","meta":{"_kad_post_transparent":"","_kad_post_title":"","_kad_post_layout":"","_kad_post_sidebar_id":"","_kad_post_content_style":"","_kad_post_vertical_padding":"","_kad_post_feature":"","_kad_post_feature_position":"","_kad_post_header":false,"_kad_post_footer":false,"_kad_post_classname":"","footnotes":""},"class_list":["post-262","page","type-page","status-publish","hentry"],"_links":{"self":[{"href":"https:\/\/csmer.uprrp.edu\/index.php?rest_route=\/wp\/v2\/pages\/262","targetHints":{"allow":["GET"]}}],"collection":[{"href":"https:\/\/csmer.uprrp.edu\/index.php?rest_route=\/wp\/v2\/pages"}],"about":[{"href":"https:\/\/csmer.uprrp.edu\/index.php?rest_route=\/wp\/v2\/types\/page"}],"author":[{"embeddable":true,"href":"https:\/\/csmer.uprrp.edu\/index.php?rest_route=\/wp\/v2\/users\/1"}],"replies":[{"embeddable":true,"href":"https:\/\/csmer.uprrp.edu\/index.php?rest_route=%2Fwp%2Fv2%2Fcomments&post=262"}],"version-history":[{"count":6,"href":"https:\/\/csmer.uprrp.edu\/index.php?rest_route=\/wp\/v2\/pages\/262\/revisions"}],"predecessor-version":[{"id":2978,"href":"https:\/\/csmer.uprrp.edu\/index.php?rest_route=\/wp\/v2\/pages\/262\/revisions\/2978"}],"up":[{"embeddable":true,"href":"https:\/\/csmer.uprrp.edu\/index.php?rest_route=\/wp\/v2\/pages\/13"}],"wp:attachment":[{"href":"https:\/\/csmer.uprrp.edu\/index.php?rest_route=%2Fwp%2Fv2%2Fmedia&parent=262"}],"curies":[{"name":"wp","href":"https:\/\/api.w.org\/{rel}","templated":true}]}}