{"id":215,"date":"2013-06-05T13:33:06","date_gmt":"2013-06-05T17:33:06","guid":{"rendered":"http:\/\/csmer.uprrp.edu\/?page_id=215"},"modified":"2024-11-30T19:51:56","modified_gmt":"2024-11-30T23:51:56","slug":"unidades","status":"publish","type":"page","link":"https:\/\/csmer.uprrp.edu\/?page_id=215","title":{"rendered":"Unidades"},"content":{"rendered":"<p style=\"text-align: left;\"><strong>Unidad I:<\/strong><\/p>\n<figure id=\"attachment_1349\" aria-describedby=\"caption-attachment-1349\" style=\"width: 330px\" class=\"wp-caption aligncenter\"><a href=\"https:\/\/csmer.uprrp.edu\/?page_id=1359\"><img loading=\"lazy\" decoding=\"async\" class=\" wp-image-1368 \" src=\"https:\/\/csmer.uprrp.edu\/wp-content\/uploads\/UNIDAD-I-COMPOSICI\u00d3N-Y-GENERACI\u00d3N-DE-LOS-page-001-791x1024.jpg\" alt=\"Unidad I - Composici\u00f3n y generaci\u00f3n de los desperdicios s\u00f3lidos\" width=\"330\" height=\"440\" \/><\/a><figcaption id=\"caption-attachment-1349\" class=\"wp-caption-text\"><a href=\"https:\/\/csmer.uprrp.edu\/?page_id=1359\">Unidad I Composici\u00f3n y generaci\u00f3n de los desperdicios s\u00f3lidos<\/a><\/figcaption><\/figure>\n<p style=\"text-align: left;\"><strong>Unidad II:<\/strong><\/p>\n<figure id=\"attachment_1368\" aria-describedby=\"caption-attachment-1368\" style=\"width: 330px\" class=\"wp-caption aligncenter\"><a href=\"https:\/\/csmer.uprrp.edu\/?page_id=1370\"><img loading=\"lazy\" decoding=\"async\" class=\" wp-image-1368 \" src=\"https:\/\/csmer.uprrp.edu\/wp-content\/uploads\/UNIDAD-II-CICLO-DE-LA-BASURA-page-001-791x1024.jpg\" alt=\"\" width=\"330\" height=\"440\" \/><\/a><figcaption id=\"caption-attachment-1368\" class=\"wp-caption-text\"><a href=\"https:\/\/csmer.uprrp.edu\/?page_id=1370\">Unidad II Ciclo de la basura<\/a><\/figcaption><\/figure>\n<p style=\"text-align: left;\"><strong>Unidad III:<\/strong><\/p>\n<figure id=\"attachment_1397\" aria-describedby=\"caption-attachment-1397\" style=\"width: 330px\" class=\"wp-caption aligncenter\"><a href=\"https:\/\/csmer.uprrp.edu\/?page_id=1404\"><img loading=\"lazy\" decoding=\"async\" class=\" wp-image-1397\" src=\"https:\/\/csmer.uprrp.edu\/wp-content\/uploads\/Unidad-III-COMPOSTA-page-001-791x1024.jpg\" alt=\"\" width=\"330\" height=\"440\" \/><\/a><figcaption id=\"caption-attachment-1397\" class=\"wp-caption-text\"><a href=\"https:\/\/csmer.uprrp.edu\/?page_id=1404\">Unidad III La ciencia de la composta<\/a><\/figcaption><\/figure>\n<p><strong>Unidad IV:<\/strong><\/p>\n<figure id=\"attachment_1368\" aria-describedby=\"caption-attachment-1368\" style=\"width: 330px\" class=\"wp-caption aligncenter\"><a href=\"https:\/\/csmer.uprrp.edu\/?page_id=1408\"><img loading=\"lazy\" decoding=\"async\" class=\" wp-image-1368 \" src=\"https:\/\/csmer.uprrp.edu\/wp-content\/uploads\/Unidad-IV-ORGANISMOS-DE-LA-COMPOSTA-page-001-791x1024.jpg\" alt=\"\" width=\"330\" height=\"440\" \/><\/a><figcaption id=\"caption-attachment-1368\" class=\"wp-caption-text\"><a href=\"https:\/\/csmer.uprrp.edu\/?page_id=1408\">Unidad IV Organismos de la composta<\/a><\/figcaption><\/figure>\n<p style=\"text-align: left;\"><strong>Unidad V:<\/strong><\/p>\n<figure id=\"attachment_1368\" aria-describedby=\"caption-attachment-1368\" style=\"width: 330px\" class=\"wp-caption aligncenter\"><a href=\"https:\/\/csmer.uprrp.edu\/?page_id=1410\"><img loading=\"lazy\" decoding=\"async\" class=\" wp-image-1368 \" src=\"https:\/\/csmer.uprrp.edu\/wp-content\/uploads\/unidad-5-De-tu-casa-al-vertedero-y-del-vertedero-a-tu-cuerpo-page-001-791x1024.jpg\" alt=\"\" width=\"330\" height=\"440\" \/><\/a><figcaption id=\"caption-attachment-1368\" class=\"wp-caption-text\"><a href=\"https:\/\/csmer.uprrp.edu\/?page_id=1410\">Unidad V De tu casa al vertedero y del vertedero a tu cuerpo<\/a><\/figcaption><\/figure>\n<p style=\"text-align: left;\"><strong>Unidad VI:<\/strong><\/p>\n<figure id=\"attachment_1368\" aria-describedby=\"caption-attachment-1368\" style=\"width: 330px\" class=\"wp-caption aligncenter\"><a href=\"https:\/\/csmer.uprrp.edu\/?page_id=1412\"><img loading=\"lazy\" decoding=\"async\" class=\" wp-image-1368 \" src=\"https:\/\/csmer.uprrp.edu\/wp-content\/uploads\/unidad-6-An\u00e1lisis-del-agua-page-001-791x1024.jpg\" alt=\"\" width=\"330\" height=\"440\" \/><\/a><figcaption id=\"caption-attachment-1368\" class=\"wp-caption-text\"><a href=\"https:\/\/csmer.uprrp.edu\/?page_id=1412\">Unidad VI An\u00e1lisis del agua<\/a><\/figcaption><\/figure>\n","protected":false},"excerpt":{"rendered":"<p>Unidad I: Unidad II: Unidad III: Unidad IV: Unidad V: Unidad VI:<\/p>\n","protected":false},"author":1,"featured_media":0,"parent":26,"menu_order":4,"comment_status":"closed","ping_status":"closed","template":"","meta":{"_kad_post_transparent":"","_kad_post_title":"","_kad_post_layout":"","_kad_post_sidebar_id":"","_kad_post_content_style":"","_kad_post_vertical_padding":"","_kad_post_feature":"","_kad_post_feature_position":"","_kad_post_header":false,"_kad_post_footer":false,"_kad_post_classname":"","footnotes":""},"class_list":["post-215","page","type-page","status-publish","hentry"],"_links":{"self":[{"href":"https:\/\/csmer.uprrp.edu\/index.php?rest_route=\/wp\/v2\/pages\/215","targetHints":{"allow":["GET"]}}],"collection":[{"href":"https:\/\/csmer.uprrp.edu\/index.php?rest_route=\/wp\/v2\/pages"}],"about":[{"href":"https:\/\/csmer.uprrp.edu\/index.php?rest_route=\/wp\/v2\/types\/page"}],"author":[{"embeddable":true,"href":"https:\/\/csmer.uprrp.edu\/index.php?rest_route=\/wp\/v2\/users\/1"}],"replies":[{"embeddable":true,"href":"https:\/\/csmer.uprrp.edu\/index.php?rest_route=%2Fwp%2Fv2%2Fcomments&post=215"}],"version-history":[{"count":6,"href":"https:\/\/csmer.uprrp.edu\/index.php?rest_route=\/wp\/v2\/pages\/215\/revisions"}],"predecessor-version":[{"id":3037,"href":"https:\/\/csmer.uprrp.edu\/index.php?rest_route=\/wp\/v2\/pages\/215\/revisions\/3037"}],"up":[{"embeddable":true,"href":"https:\/\/csmer.uprrp.edu\/index.php?rest_route=\/wp\/v2\/pages\/26"}],"wp:attachment":[{"href":"https:\/\/csmer.uprrp.edu\/index.php?rest_route=%2Fwp%2Fv2%2Fmedia&parent=215"}],"curies":[{"name":"wp","href":"https:\/\/api.w.org\/{rel}","templated":true}]}}