{"id":1990,"date":"2015-02-13T12:52:32","date_gmt":"2015-02-13T16:52:32","guid":{"rendered":"http:\/\/csmer.uprrp.edu\/?page_id=1990"},"modified":"2025-03-28T15:48:05","modified_gmt":"2025-03-28T19:48:05","slug":"investigacion-cientifica","status":"publish","type":"page","link":"https:\/\/csmer.uprrp.edu\/?page_id=1990","title":{"rendered":"Investigaci\u00f3n Cient\u00edfica"},"content":{"rendered":"<p><span id=\"yui_3_16_0_1_1445964633944_10906\" lang=\"ES-PR\">Durante el verano 2015 (del 1 al 12 de junio) un grupo de 26 maestros\/as participaron del\u00a0<\/span><b id=\"yui_3_16_0_1_1445964633944_10905\"><i id=\"yui_3_16_0_1_1445964633944_10904\">Programa de Inmersi\u00f3n en Investigaci\u00f3n para Maestros\/as de Ciencias y Matem\u00e1ticas del Nivel Secundario<\/i><\/b>, cuyo objetivo fue facilitarles el conocimiento<span id=\"yui_3_16_0_1_1445964633944_10903\">\u00a0y las destrezas de la metodolog\u00eda cient\u00edfica, participando activamente en un proyecto de investigaci\u00f3<\/span>n. Esta experiencia les permitir\u00e1 ayudar a sus estudiantes a desarrollar proyectos de investigaci\u00f3n.\u00a0 Adem\u00e1s, establecieron relaciones profesionales con el personal del laboratorio, de manera que estos puedan asesorarlos\/as cuando implanten un proyecto de investigaci\u00f3n o comunitario este a\u00f1o acad\u00e9mico.<\/p>\n<p><a href=\"https:\/\/csmer.uprrp.edu\/wp-content\/uploads\/FOTOS.pdf\"><img loading=\"lazy\" decoding=\"async\" class=\"aligncenter wp-image-2486 \" src=\"https:\/\/csmer.uprrp.edu\/wp-content\/uploads\/0001-550x309.jpg\" alt=\"0001\" width=\"644\" height=\"362\" srcset=\"https:\/\/csmer.uprrp.edu\/wp-content\/uploads\/0001-550x309.jpg 550w, https:\/\/csmer.uprrp.edu\/wp-content\/uploads\/0001-300x169.jpg 300w, https:\/\/csmer.uprrp.edu\/wp-content\/uploads\/0001-1024x576.jpg 1024w, https:\/\/csmer.uprrp.edu\/wp-content\/uploads\/0001-250x141.jpg 250w, https:\/\/csmer.uprrp.edu\/wp-content\/uploads\/0001-800x450.jpg 800w, https:\/\/csmer.uprrp.edu\/wp-content\/uploads\/0001-320x180.jpg 320w, https:\/\/csmer.uprrp.edu\/wp-content\/uploads\/0001-533x300.jpg 533w, https:\/\/csmer.uprrp.edu\/wp-content\/uploads\/0001-889x500.jpg 889w\" sizes=\"auto, (max-width: 644px) 100vw, 644px\" \/><\/a><\/p>\n<p><a href=\"https:\/\/csmer.uprrp.edu\/wp-content\/uploads\/Investigacion-verano2013-I3.pdf\"><img loading=\"lazy\" decoding=\"async\" class=\"aligncenter wp-image-2048 \" src=\"https:\/\/csmer.uprrp.edu\/wp-content\/uploads\/Investigacion-verano2013-I3-1024x724.jpg\" alt=\"Investigacion verano2013 I3\" width=\"838\" height=\"593\" srcset=\"https:\/\/csmer.uprrp.edu\/wp-content\/uploads\/Investigacion-verano2013-I3-1024x724.jpg 1024w, https:\/\/csmer.uprrp.edu\/wp-content\/uploads\/Investigacion-verano2013-I3-300x212.jpg 300w\" sizes=\"auto, (max-width: 838px) 100vw, 838px\" \/><\/a><\/p>\n<h2>Fotos de la Investigaci\u00f3n Cient\u00edfica Verano 2013:<\/h2>\n<div class=\"wc-gallery\"><div id='gallery-1' data-gutter-width='5' data-columns='3' class='gallery wc-gallery-captions-onhover gallery-link-file gallery-masonry galleryid-1990 gallery-columns-3 gallery-size-large wc-gallery-bottomspace-default wc-gallery-clear'><div class='gallery-item gallery-item-position-1 gallery-item-attachment-2315'>\n\t\t\t\t<div class='gallery-icon landscape'>\n\t\t\t\t\t<a href='https:\/\/csmer.uprrp.edu\/wp-content\/uploads\/con-inv.jpg' title='' target='_self'><img loading=\"lazy\" decoding=\"async\" width=\"960\" height=\"720\" src=\"https:\/\/csmer.uprrp.edu\/wp-content\/uploads\/con-inv.jpg\" class=\"attachment-large size-large\" alt=\"\" srcset=\"https:\/\/csmer.uprrp.edu\/wp-content\/uploads\/con-inv.jpg 960w, https:\/\/csmer.uprrp.edu\/wp-content\/uploads\/con-inv-300x225.jpg 300w, https:\/\/csmer.uprrp.edu\/wp-content\/uploads\/con-inv-250x188.jpg 250w, https:\/\/csmer.uprrp.edu\/wp-content\/uploads\/con-inv-550x413.jpg 550w, https:\/\/csmer.uprrp.edu\/wp-content\/uploads\/con-inv-800x600.jpg 800w, https:\/\/csmer.uprrp.edu\/wp-content\/uploads\/con-inv-240x180.jpg 240w, https:\/\/csmer.uprrp.edu\/wp-content\/uploads\/con-inv-400x300.jpg 400w, https:\/\/csmer.uprrp.edu\/wp-content\/uploads\/con-inv-667x500.jpg 667w\" sizes=\"auto, (max-width: 960px) 100vw, 960px\" \/><\/a>\n\t\t\t\t<\/div>\n\t\t\t\t\t<div class='wp-caption-text gallery-caption'>\n\t\t\t\t\t\t<p>\n\t\t\t\t\t\tLaboratorio Corrada\n\t\t\t\t\t\t<\/p>\n\t\t\t\t\t<\/div><\/div><div class='gallery-item gallery-item-position-2 gallery-item-attachment-2316'>\n\t\t\t\t<div class='gallery-icon landscape'>\n\t\t\t\t\t<a href='https:\/\/csmer.uprrp.edu\/wp-content\/uploads\/josiel.jpg' title='' target='_self'><img loading=\"lazy\" decoding=\"async\" width=\"960\" height=\"720\" src=\"https:\/\/csmer.uprrp.edu\/wp-content\/uploads\/josiel.jpg\" class=\"attachment-large size-large\" alt=\"\" srcset=\"https:\/\/csmer.uprrp.edu\/wp-content\/uploads\/josiel.jpg 960w, https:\/\/csmer.uprrp.edu\/wp-content\/uploads\/josiel-300x225.jpg 300w, https:\/\/csmer.uprrp.edu\/wp-content\/uploads\/josiel-250x188.jpg 250w, https:\/\/csmer.uprrp.edu\/wp-content\/uploads\/josiel-550x413.jpg 550w, https:\/\/csmer.uprrp.edu\/wp-content\/uploads\/josiel-800x600.jpg 800w, https:\/\/csmer.uprrp.edu\/wp-content\/uploads\/josiel-240x180.jpg 240w, https:\/\/csmer.uprrp.edu\/wp-content\/uploads\/josiel-400x300.jpg 400w, https:\/\/csmer.uprrp.edu\/wp-content\/uploads\/josiel-667x500.jpg 667w\" sizes=\"auto, (max-width: 960px) 100vw, 960px\" \/><\/a>\n\t\t\t\t<\/div>\n\t\t\t\t\t<div class='wp-caption-text gallery-caption'>\n\t\t\t\t\t\t<p>\n\t\t\t\t\t\tLaboratorio Corrada\n\t\t\t\t\t\t<\/p>\n\t\t\t\t\t<\/div><\/div><div class='gallery-item gallery-item-position-3 gallery-item-attachment-2317'>\n\t\t\t\t<div class='gallery-icon landscape'>\n\t\t\t\t\t<a href='https:\/\/csmer.uprrp.edu\/wp-content\/uploads\/yamily.jpg' title='' target='_self'><img loading=\"lazy\" decoding=\"async\" width=\"960\" height=\"720\" src=\"https:\/\/csmer.uprrp.edu\/wp-content\/uploads\/yamily.jpg\" class=\"attachment-large size-large\" alt=\"\" srcset=\"https:\/\/csmer.uprrp.edu\/wp-content\/uploads\/yamily.jpg 960w, https:\/\/csmer.uprrp.edu\/wp-content\/uploads\/yamily-300x225.jpg 300w, https:\/\/csmer.uprrp.edu\/wp-content\/uploads\/yamily-250x188.jpg 250w, https:\/\/csmer.uprrp.edu\/wp-content\/uploads\/yamily-550x413.jpg 550w, https:\/\/csmer.uprrp.edu\/wp-content\/uploads\/yamily-800x600.jpg 800w, https:\/\/csmer.uprrp.edu\/wp-content\/uploads\/yamily-240x180.jpg 240w, https:\/\/csmer.uprrp.edu\/wp-content\/uploads\/yamily-400x300.jpg 400w, https:\/\/csmer.uprrp.edu\/wp-content\/uploads\/yamily-667x500.jpg 667w\" sizes=\"auto, (max-width: 960px) 100vw, 960px\" \/><\/a>\n\t\t\t\t<\/div>\n\t\t\t\t\t<div class='wp-caption-text gallery-caption'>\n\t\t\t\t\t\t<p>\n\t\t\t\t\t\tLaboratorio Corrada\n\t\t\t\t\t\t<\/p>\n\t\t\t\t\t<\/div><\/div><\/div>\n<\/div>\n<div class=\"wc-gallery\"><div id='gallery-2' data-gutter-width='5' data-columns='3' class='gallery wc-gallery-captions-onhover gallery-link-file gallery-masonry galleryid-1990 gallery-columns-3 gallery-size-large wc-gallery-bottomspace-default wc-gallery-clear'><div class='gallery-item gallery-item-position-1 gallery-item-attachment-2321'>\n\t\t\t\t<div class='gallery-icon landscape'>\n\t\t\t\t\t<a href='https:\/\/csmer.uprrp.edu\/wp-content\/uploads\/sylvia-1024x767.jpg' title='' target='_self'><img loading=\"lazy\" decoding=\"async\" width=\"1024\" height=\"767\" src=\"https:\/\/csmer.uprrp.edu\/wp-content\/uploads\/sylvia-1024x767.jpg\" class=\"attachment-large size-large\" alt=\"\" srcset=\"https:\/\/csmer.uprrp.edu\/wp-content\/uploads\/sylvia-1024x767.jpg 1024w, https:\/\/csmer.uprrp.edu\/wp-content\/uploads\/sylvia-300x225.jpg 300w, https:\/\/csmer.uprrp.edu\/wp-content\/uploads\/sylvia-250x187.jpg 250w, https:\/\/csmer.uprrp.edu\/wp-content\/uploads\/sylvia-550x412.jpg 550w, https:\/\/csmer.uprrp.edu\/wp-content\/uploads\/sylvia-800x600.jpg 800w, https:\/\/csmer.uprrp.edu\/wp-content\/uploads\/sylvia-240x180.jpg 240w, https:\/\/csmer.uprrp.edu\/wp-content\/uploads\/sylvia-400x300.jpg 400w, https:\/\/csmer.uprrp.edu\/wp-content\/uploads\/sylvia-667x500.jpg 667w, https:\/\/csmer.uprrp.edu\/wp-content\/uploads\/sylvia.jpg 1377w\" sizes=\"auto, (max-width: 1024px) 100vw, 1024px\" \/><\/a>\n\t\t\t\t<\/div>\n\t\t\t\t\t<div class='wp-caption-text gallery-caption'>\n\t\t\t\t\t\t<p>\n\t\t\t\t\t\tLaboratorio Elvira\n\t\t\t\t\t\t<\/p>\n\t\t\t\t\t<\/div><\/div><\/div>\n<\/div>\n<div class=\"wc-gallery\"><div class='gallery wc-gallery-captions-onhover gallery-link-file wcowlcolumns wcowlcarousel wc-gallery-bottomspace-default wc-gallery-clear'><div id='gallery-3' class='owl-carousel' data-gutter-width='5' data-columns='3' data-hide-controls='false'><div class='gallery-item item gallery-item-position-1 gallery-item-attachment-2327'><div class='gallery-icon landscape'><a href=\"https:\/\/csmer.uprrp.edu\/wp-content\/uploads\/grupo-del-botanico.jpg\" target=\"_self\"><img src='https:\/\/csmer.uprrp.edu\/wp-content\/uploads\/grupo-del-botanico-1024x768.jpg' width='1024' height='768' alt='' \/><\/a><\/div>\n\t\t\t\t\t<div class='wp-caption-text gallery-caption'>\n\t\t\t\t\t<p>\n\t\t\t\t\tLaboratorio Jard\u00edn Bot\u00e1nico\n\t\t\t\t\t<\/p>\n\t\t\t\t\t<\/div><\/div><div class='gallery-item item gallery-item-position-2 gallery-item-attachment-2330'><div class='gallery-icon portrait'><a href=\"https:\/\/csmer.uprrp.edu\/wp-content\/uploads\/minuette-y-tomas.jpg\" target=\"_self\"><img src='https:\/\/csmer.uprrp.edu\/wp-content\/uploads\/minuette-y-tomas.jpg' width='675' height='900' alt='' \/><\/a><\/div>\n\t\t\t\t\t<div class='wp-caption-text gallery-caption'>\n\t\t\t\t\t<p>\n\t\t\t\t\tLaboratorio Jard\u00edn Bot\u00e1nico\n\t\t\t\t\t<\/p>\n\t\t\t\t\t<\/div><\/div><div class='gallery-item item gallery-item-position-3 gallery-item-attachment-2329'><div class='gallery-icon landscape'><a href=\"https:\/\/csmer.uprrp.edu\/wp-content\/uploads\/maria-y-luis.jpg\" target=\"_self\"><img src='https:\/\/csmer.uprrp.edu\/wp-content\/uploads\/maria-y-luis-1024x768.jpg' width='1024' height='768' alt='' \/><\/a><\/div>\n\t\t\t\t\t<div class='wp-caption-text gallery-caption'>\n\t\t\t\t\t<p>\n\t\t\t\t\tLaboratorio Jard\u00edn Bot\u00e1nico\n\t\t\t\t\t<\/p>\n\t\t\t\t\t<\/div><\/div><div class='gallery-item item gallery-item-position-4 gallery-item-attachment-2331'><div class='gallery-icon portrait'><a href=\"https:\/\/csmer.uprrp.edu\/wp-content\/uploads\/minuette.jpg\" target=\"_self\"><img src='https:\/\/csmer.uprrp.edu\/wp-content\/uploads\/minuette.jpg' width='675' height='900' alt='' \/><\/a><\/div>\n\t\t\t\t\t<div class='wp-caption-text gallery-caption'>\n\t\t\t\t\t<p>\n\t\t\t\t\tLaboratorio Jard\u00edn Bot\u00e1nico\n\t\t\t\t\t<\/p>\n\t\t\t\t\t<\/div><\/div><div class='gallery-item item gallery-item-position-5 gallery-item-attachment-2328'><div class='gallery-icon portrait'><a href=\"https:\/\/csmer.uprrp.edu\/wp-content\/uploads\/luis-y-tomas.jpg\" target=\"_self\"><img src='https:\/\/csmer.uprrp.edu\/wp-content\/uploads\/luis-y-tomas.jpg' width='675' height='900' alt='' \/><\/a><\/div>\n\t\t\t\t\t<div class='wp-caption-text gallery-caption'>\n\t\t\t\t\t<p>\n\t\t\t\t\tLaboratorio Jard\u00edn Bot\u00e1nico\n\t\t\t\t\t<\/p>\n\t\t\t\t\t<\/div><\/div><\/div><\/div>\n<\/div>\n<div class=\"wc-gallery\"><div class='gallery wc-gallery-captions-onhover gallery-link-file wcowlcolumns wcowlcarousel wc-gallery-bottomspace-default wc-gallery-clear'><div id='gallery-4' class='owl-carousel' data-gutter-width='5' data-columns='3' data-hide-controls='false'><div class='gallery-item item gallery-item-position-1 gallery-item-attachment-2353'><div class='gallery-icon portrait'><a href=\"https:\/\/csmer.uprrp.edu\/wp-content\/uploads\/photo-myrna.jpg\" target=\"_self\"><img src='https:\/\/csmer.uprrp.edu\/wp-content\/uploads\/photo-myrna.jpg' width='675' height='900' alt='' \/><\/a><\/div>\n\t\t\t\t\t<div class='wp-caption-text gallery-caption'>\n\t\t\t\t\t<p>\n\t\t\t\t\tLaboratorio Mayaguez\n\t\t\t\t\t<\/p>\n\t\t\t\t\t<\/div><\/div><div class='gallery-item item gallery-item-position-2 gallery-item-attachment-2352'><div class='gallery-icon portrait'><a href=\"https:\/\/csmer.uprrp.edu\/wp-content\/uploads\/photo-4-myrna.jpg\" target=\"_self\"><img src='https:\/\/csmer.uprrp.edu\/wp-content\/uploads\/photo-4-myrna.jpg' width='675' height='900' alt='' \/><\/a><\/div>\n\t\t\t\t\t<div class='wp-caption-text gallery-caption'>\n\t\t\t\t\t<p>\n\t\t\t\t\tLaboratorio Mayaguez\n\t\t\t\t\t<\/p>\n\t\t\t\t\t<\/div><\/div><div class='gallery-item item gallery-item-position-3 gallery-item-attachment-2351'><div class='gallery-icon portrait'><a href=\"https:\/\/csmer.uprrp.edu\/wp-content\/uploads\/photo-2-myrna.jpg\" target=\"_self\"><img src='https:\/\/csmer.uprrp.edu\/wp-content\/uploads\/photo-2-myrna.jpg' width='675' height='900' alt='' \/><\/a><\/div>\n\t\t\t\t\t<div class='wp-caption-text gallery-caption'>\n\t\t\t\t\t<p>\n\t\t\t\t\tLaboratorio Mayaguez\n\t\t\t\t\t<\/p>\n\t\t\t\t\t<\/div><\/div><div class='gallery-item item gallery-item-position-4 gallery-item-attachment-2354'><div class='gallery-icon portrait'><a href=\"https:\/\/csmer.uprrp.edu\/wp-content\/uploads\/photo-osvaldo.jpg\" target=\"_self\"><img src='https:\/\/csmer.uprrp.edu\/wp-content\/uploads\/photo-osvaldo.jpg' width='675' height='900' alt='' \/><\/a><\/div>\n\t\t\t\t\t<div class='wp-caption-text gallery-caption'>\n\t\t\t\t\t<p>\n\t\t\t\t\tLaboratorio Mayaguez\n\t\t\t\t\t<\/p>\n\t\t\t\t\t<\/div><\/div><\/div><\/div>\n<\/div>\n<div class=\"wc-gallery\"><div class='gallery wc-gallery-captions-onhover gallery-link-file wcowlcolumns wcowlcarousel wc-gallery-bottomspace-default wc-gallery-clear'><div id='gallery-5' class='owl-carousel' data-gutter-width='5' data-columns='3' data-hide-controls='false'><div class='gallery-item item gallery-item-position-1 gallery-item-attachment-2343'><div class='gallery-icon landscape'><a href=\"https:\/\/csmer.uprrp.edu\/wp-content\/uploads\/sandra-y-jadira-lab-Optimized.jpg\" target=\"_self\"><img src='https:\/\/csmer.uprrp.edu\/wp-content\/uploads\/sandra-y-jadira-lab-Optimized-1024x577.jpg' width='1024' height='577' alt='' \/><\/a><\/div>\n\t\t\t\t\t<div class='wp-caption-text gallery-caption'>\n\t\t\t\t\t<p>\n\t\t\t\t\tLaboratorio Toranzos\n\t\t\t\t\t<\/p>\n\t\t\t\t\t<\/div><\/div><div class='gallery-item item gallery-item-position-2 gallery-item-attachment-2341'><div class='gallery-icon portrait'><a href=\"https:\/\/csmer.uprrp.edu\/wp-content\/uploads\/marilyn-y-sandra-Optimized.jpg\" target=\"_self\"><img src='https:\/\/csmer.uprrp.edu\/wp-content\/uploads\/marilyn-y-sandra-Optimized.jpg' width='507' height='900' alt='' \/><\/a><\/div>\n\t\t\t\t\t<div class='wp-caption-text gallery-caption'>\n\t\t\t\t\t<p>\n\t\t\t\t\tLaboratorio Toranzos\n\t\t\t\t\t<\/p>\n\t\t\t\t\t<\/div><\/div><div class='gallery-item item gallery-item-position-3 gallery-item-attachment-2345'><div class='gallery-icon portrait'><a href=\"https:\/\/csmer.uprrp.edu\/wp-content\/uploads\/sandra-y-marilyn-2-Optimized.jpg\" target=\"_self\"><img src='https:\/\/csmer.uprrp.edu\/wp-content\/uploads\/sandra-y-marilyn-2-Optimized.jpg' width='507' height='900' alt='' \/><\/a><\/div>\n\t\t\t\t\t<div class='wp-caption-text gallery-caption'>\n\t\t\t\t\t<p>\n\t\t\t\t\tLaboratorio Toranzos\n\t\t\t\t\t<\/p>\n\t\t\t\t\t<\/div><\/div><div class='gallery-item item gallery-item-position-4 gallery-item-attachment-2346'><div class='gallery-icon landscape'><a href=\"https:\/\/csmer.uprrp.edu\/wp-content\/uploads\/sandra-y-marilyn.jpg\" target=\"_self\"><img src='https:\/\/csmer.uprrp.edu\/wp-content\/uploads\/sandra-y-marilyn-1024x522.jpg' width='1024' height='522' alt='' \/><\/a><\/div>\n\t\t\t\t\t<div class='wp-caption-text gallery-caption'>\n\t\t\t\t\t<p>\n\t\t\t\t\tLaboratorio Toranzos\n\t\t\t\t\t<\/p>\n\t\t\t\t\t<\/div><\/div><div class='gallery-item item gallery-item-position-5 gallery-item-attachment-2333'><div class='gallery-icon landscape'><a href=\"https:\/\/csmer.uprrp.edu\/wp-content\/uploads\/amabel-Optimized.jpg\" target=\"_self\"><img src='https:\/\/csmer.uprrp.edu\/wp-content\/uploads\/amabel-Optimized-1024x768.jpg' width='1024' height='768' alt='' \/><\/a><\/div>\n\t\t\t\t\t<div class='wp-caption-text gallery-caption'>\n\t\t\t\t\t<p>\n\t\t\t\t\tLaboratorio Toranzos\n\t\t\t\t\t<\/p>\n\t\t\t\t\t<\/div><\/div><div class='gallery-item item gallery-item-position-6 gallery-item-attachment-2335'><div class='gallery-icon landscape'><a href=\"https:\/\/csmer.uprrp.edu\/wp-content\/uploads\/grupo-lab-Toranzos.jpg\" target=\"_self\"><img src='https:\/\/csmer.uprrp.edu\/wp-content\/uploads\/grupo-lab-Toranzos.jpg' width='712' height='548' alt='' \/><\/a><\/div>\n\t\t\t\t\t<div class='wp-caption-text gallery-caption'>\n\t\t\t\t\t<p>\n\t\t\t\t\tLaboratorio Toranzos\n\t\t\t\t\t<\/p>\n\t\t\t\t\t<\/div><\/div><div class='gallery-item item gallery-item-position-7 gallery-item-attachment-2347'><div class='gallery-icon portrait'><a href=\"https:\/\/csmer.uprrp.edu\/wp-content\/uploads\/sandra-Optimized.jpg\" target=\"_self\"><img src='https:\/\/csmer.uprrp.edu\/wp-content\/uploads\/sandra-Optimized.jpg' width='507' height='900' alt='' \/><\/a><\/div>\n\t\t\t\t\t<div class='wp-caption-text gallery-caption'>\n\t\t\t\t\t<p>\n\t\t\t\t\tLaboratorio Toranzos\n\t\t\t\t\t<\/p>\n\t\t\t\t\t<\/div><\/div><div class='gallery-item item gallery-item-position-8 gallery-item-attachment-2342'><div class='gallery-icon portrait'><a href=\"https:\/\/csmer.uprrp.edu\/wp-content\/uploads\/marilyn.jpg\" target=\"_self\"><img src='https:\/\/csmer.uprrp.edu\/wp-content\/uploads\/marilyn-577x1024.jpg' width='577' height='1024' alt='' \/><\/a><\/div>\n\t\t\t\t\t<div class='wp-caption-text gallery-caption'>\n\t\t\t\t\t<p>\n\t\t\t\t\tLaboratorio Toranzos\n\t\t\t\t\t<\/p>\n\t\t\t\t\t<\/div><\/div><div class='gallery-item item gallery-item-position-9 gallery-item-attachment-2340'><div class='gallery-icon landscape'><a href=\"https:\/\/csmer.uprrp.edu\/wp-content\/uploads\/marilyn-2.jpg\" target=\"_self\"><img src='https:\/\/csmer.uprrp.edu\/wp-content\/uploads\/marilyn-2.jpg' width='350' height='197' alt='' \/><\/a><\/div>\n\t\t\t\t\t<div class='wp-caption-text gallery-caption'>\n\t\t\t\t\t<p>\n\t\t\t\t\tLaboratorio Toranzos\n\t\t\t\t\t<\/p>\n\t\t\t\t\t<\/div><\/div><div class='gallery-item item gallery-item-position-10 gallery-item-attachment-2344'><div class='gallery-icon landscape'><a href=\"https:\/\/csmer.uprrp.edu\/wp-content\/uploads\/sandra-y-jadira-Optimized.jpg\" target=\"_self\"><img src='https:\/\/csmer.uprrp.edu\/wp-content\/uploads\/sandra-y-jadira-Optimized-1024x768.jpg' width='1024' height='768' alt='' \/><\/a><\/div>\n\t\t\t\t\t<div class='wp-caption-text gallery-caption'>\n\t\t\t\t\t<p>\n\t\t\t\t\tLaboratorio Toranzos\n\t\t\t\t\t<\/p>\n\t\t\t\t\t<\/div><\/div><div class='gallery-item item gallery-item-position-11 gallery-item-attachment-2339'><div class='gallery-icon portrait'><a href=\"https:\/\/csmer.uprrp.edu\/wp-content\/uploads\/lab-Toranzos.jpg\" target=\"_self\"><img src='https:\/\/csmer.uprrp.edu\/wp-content\/uploads\/lab-Toranzos-639x1024.jpg' width='639' height='1024' alt='' \/><\/a><\/div>\n\t\t\t\t\t<div class='wp-caption-text gallery-caption'>\n\t\t\t\t\t<p>\n\t\t\t\t\tLaboratorio Toranzos\n\t\t\t\t\t<\/p>\n\t\t\t\t\t<\/div><\/div><div class='gallery-item item gallery-item-position-12 gallery-item-attachment-2336'><div class='gallery-icon landscape'><a href=\"https:\/\/csmer.uprrp.edu\/wp-content\/uploads\/grupo.jpg\" target=\"_self\"><img src='https:\/\/csmer.uprrp.edu\/wp-content\/uploads\/grupo.jpg' width='960' height='541' alt='' \/><\/a><\/div>\n\t\t\t\t\t<div class='wp-caption-text gallery-caption'>\n\t\t\t\t\t<p>\n\t\t\t\t\tLaboratorio Toranzos\n\t\t\t\t\t<\/p>\n\t\t\t\t\t<\/div><\/div><div class='gallery-item item gallery-item-position-13 gallery-item-attachment-2334'><div class='gallery-icon landscape'><a href=\"https:\/\/csmer.uprrp.edu\/wp-content\/uploads\/grupo-con-inv-Optimized.jpg\" target=\"_self\"><img src='https:\/\/csmer.uprrp.edu\/wp-content\/uploads\/grupo-con-inv-Optimized-1024x577.jpg' width='1024' height='577' alt='' \/><\/a><\/div>\n\t\t\t\t\t<div class='wp-caption-text gallery-caption'>\n\t\t\t\t\t<p>\n\t\t\t\t\tLaboratorio Toranzos\n\t\t\t\t\t<\/p>\n\t\t\t\t\t<\/div><\/div><div class='gallery-item item gallery-item-position-14 gallery-item-attachment-2337'><div class='gallery-icon portrait'><a href=\"https:\/\/csmer.uprrp.edu\/wp-content\/uploads\/jadira-2-Optimized.jpg\" target=\"_self\"><img src='https:\/\/csmer.uprrp.edu\/wp-content\/uploads\/jadira-2-Optimized.jpg' width='507' height='900' alt='' \/><\/a><\/div>\n\t\t\t\t\t<div class='wp-caption-text gallery-caption'>\n\t\t\t\t\t<p>\n\t\t\t\t\tLaboratorio Toranzos\n\t\t\t\t\t<\/p>\n\t\t\t\t\t<\/div><\/div><div class='gallery-item item gallery-item-position-15 gallery-item-attachment-2338'><div class='gallery-icon portrait'><a href=\"https:\/\/csmer.uprrp.edu\/wp-content\/uploads\/jadira.jpg\" target=\"_self\"><img src='https:\/\/csmer.uprrp.edu\/wp-content\/uploads\/jadira-577x1024.jpg' width='577' height='1024' alt='' \/><\/a><\/div>\n\t\t\t\t\t<div class='wp-caption-text gallery-caption'>\n\t\t\t\t\t<p>\n\t\t\t\t\tLaboratorio Toranzos\n\t\t\t\t\t<\/p>\n\t\t\t\t\t<\/div><\/div><div class='gallery-item item gallery-item-position-16 gallery-item-attachment-2332'><div class='gallery-icon portrait'><a href=\"https:\/\/csmer.uprrp.edu\/wp-content\/uploads\/amabel-y-marilyn-Optimized.jpg\" target=\"_self\"><img src='https:\/\/csmer.uprrp.edu\/wp-content\/uploads\/amabel-y-marilyn-Optimized.jpg' width='675' height='900' alt='' \/><\/a><\/div>\n\t\t\t\t\t<div class='wp-caption-text gallery-caption'>\n\t\t\t\t\t<p>\n\t\t\t\t\tLaboratorio Toranzos\n\t\t\t\t\t<\/p>\n\t\t\t\t\t<\/div><\/div><\/div><\/div>\n<\/div>\n","protected":false},"excerpt":{"rendered":"<p>Durante el verano 2015 (del 1 al 12 de junio) un grupo de 26 maestros\/as participaron del\u00a0Programa de Inmersi\u00f3n en Investigaci\u00f3n para Maestros\/as de Ciencias y Matem\u00e1ticas del Nivel Secundario, cuyo objetivo fue facilitarles el conocimiento\u00a0y las destrezas de la metodolog\u00eda cient\u00edfica, participando activamente en un proyecto de investigaci\u00f3n. Esta experiencia les permitir\u00e1 ayudar a&#8230;<\/p>\n","protected":false},"author":1,"featured_media":0,"parent":26,"menu_order":6,"comment_status":"closed","ping_status":"closed","template":"","meta":{"_kad_post_transparent":"","_kad_post_title":"","_kad_post_layout":"","_kad_post_sidebar_id":"","_kad_post_content_style":"","_kad_post_vertical_padding":"","_kad_post_feature":"","_kad_post_feature_position":"","_kad_post_header":false,"_kad_post_footer":false,"_kad_post_classname":"","footnotes":""},"class_list":["post-1990","page","type-page","status-publish","hentry"],"_links":{"self":[{"href":"https:\/\/csmer.uprrp.edu\/index.php?rest_route=\/wp\/v2\/pages\/1990","targetHints":{"allow":["GET"]}}],"collection":[{"href":"https:\/\/csmer.uprrp.edu\/index.php?rest_route=\/wp\/v2\/pages"}],"about":[{"href":"https:\/\/csmer.uprrp.edu\/index.php?rest_route=\/wp\/v2\/types\/page"}],"author":[{"embeddable":true,"href":"https:\/\/csmer.uprrp.edu\/index.php?rest_route=\/wp\/v2\/users\/1"}],"replies":[{"embeddable":true,"href":"https:\/\/csmer.uprrp.edu\/index.php?rest_route=%2Fwp%2Fv2%2Fcomments&post=1990"}],"version-history":[{"count":4,"href":"https:\/\/csmer.uprrp.edu\/index.php?rest_route=\/wp\/v2\/pages\/1990\/revisions"}],"predecessor-version":[{"id":4174,"href":"https:\/\/csmer.uprrp.edu\/index.php?rest_route=\/wp\/v2\/pages\/1990\/revisions\/4174"}],"up":[{"embeddable":true,"href":"https:\/\/csmer.uprrp.edu\/index.php?rest_route=\/wp\/v2\/pages\/26"}],"wp:attachment":[{"href":"https:\/\/csmer.uprrp.edu\/index.php?rest_route=%2Fwp%2Fv2%2Fmedia&parent=1990"}],"curies":[{"name":"wp","href":"https:\/\/api.w.org\/{rel}","templated":true}]}}