{"id":1981,"date":"2015-02-10T13:44:49","date_gmt":"2015-02-10T17:44:49","guid":{"rendered":"http:\/\/csmer.uprrp.edu\/?page_id=1981"},"modified":"2025-02-21T14:34:24","modified_gmt":"2025-02-21T18:34:24","slug":"carmen-j-velazquez-rivera","status":"publish","type":"page","link":"https:\/\/csmer.uprrp.edu\/?page_id=1981","title":{"rendered":"Carmen J. Vel\u00e1zquez Rivera"},"content":{"rendered":"<div class=\"wp-block-image\">\n<figure class=\"aligncenter is-resized\"><img loading=\"lazy\" decoding=\"async\" width=\"300\" height=\"225\" src=\"https:\/\/csmer.uprrp.edu\/wp-content\/uploads\/IMG_1107-Carmen-Velazques-300x225.jpg\" alt=\"IMG_1107 Carmen Velazques\" class=\"wp-image-2230\" style=\"width:380px;height:auto\" srcset=\"https:\/\/csmer.uprrp.edu\/wp-content\/uploads\/IMG_1107-Carmen-Velazques-300x225.jpg 300w, https:\/\/csmer.uprrp.edu\/wp-content\/uploads\/IMG_1107-Carmen-Velazques-1024x768.jpg 1024w, https:\/\/csmer.uprrp.edu\/wp-content\/uploads\/IMG_1107-Carmen-Velazques-250x188.jpg 250w, https:\/\/csmer.uprrp.edu\/wp-content\/uploads\/IMG_1107-Carmen-Velazques-550x413.jpg 550w, https:\/\/csmer.uprrp.edu\/wp-content\/uploads\/IMG_1107-Carmen-Velazques-800x600.jpg 800w, https:\/\/csmer.uprrp.edu\/wp-content\/uploads\/IMG_1107-Carmen-Velazques-240x180.jpg 240w, https:\/\/csmer.uprrp.edu\/wp-content\/uploads\/IMG_1107-Carmen-Velazques-400x300.jpg 400w, https:\/\/csmer.uprrp.edu\/wp-content\/uploads\/IMG_1107-Carmen-Velazques-667x500.jpg 667w\" sizes=\"auto, (max-width: 300px) 100vw, 300px\" \/><\/figure>\n<\/div>\n\n\n<p><strong>Preparaci\u00f3n Acad\u00e9mica<\/strong>:<\/p>\n\n\n\n<ul class=\"wp-block-list\">\n<li>Bachillerato en Educaci\u00f3n Secundaria en Matem\u00e1ticas (2003), Universidad Interamericana <\/li>\n\n\n\n<li>Maestr\u00eda en Curr\u00edculo y Ense\u00f1anza en Matem\u00e1ticas (2007), Universidad Interamericana de Puerto Rico<\/li>\n\n\n\n<li>9 cr\u00e9ditos conducentes al doctorado en Curr\u00edculo y Ense\u00f1anza, Universidad Interamericana de Puerto Rico<\/li>\n<\/ul>\n\n\n\n<p><strong>Experiencia<\/strong>:<\/p>\n\n\n\n<ul class=\"wp-block-list\">\n<li>12 a\u00f1os de experiencia en el Departamento de Educaci\u00f3n <\/li>\n\n\n\n<li>4 a\u00f1os de experiencia \u2013 Campamento NASA-SOI \u2013 Maestra &#8211; STEM <\/li>\n\n\n\n<li>10 a\u00f1os de experiencia en el Departamento de la Familia \u2013 Secretaria <\/li>\n\n\n\n<li>3 a\u00f1os de experiencia en el Departamento de Educaci\u00f3n &#8211; Secretaria<\/li>\n<\/ul>\n\n\n\n<p><strong>Distinciones<\/strong>:<\/p>\n\n\n\n<ul class=\"wp-block-list\">\n<li>Maestra Master de Mathematics, NSF \u2013 Robert Noyce Program -UPR <\/li>\n\n\n\n<li>Master Teacher NASA-SOI \u2013 Puerto Rico Institute of Robotics<\/li>\n\n\n\n<li>Certificados Profesionales: Educaci\u00f3n Secundaria DEPR en Matem\u00e1ticas, F\u00edsica y Especialista en Curr\u00edculo en Matem\u00e1ticas \u2013 DEPR<\/li>\n<\/ul>\n\n\n\n<p><strong>Grado que ense\u00f1a<\/strong>: Octavo grado<\/p>\n\n\n\n<p><strong>Materia<\/strong>: Matem\u00e1ticas<\/p>\n\n\n\n<p><strong>Escuela<\/strong>: Intermedia Sor Isolina Ferr\u00e9<\/p>\n\n\n\n<p>La escuela est\u00e1 localizada en la ciudad de Ponce, espec\u00edficamente en el sector de la playa. La misma posee un programa acad\u00e9mico de curso general y curso Pre-vocacional para estudiantes de sal\u00f3n contenido. Atiende una matr\u00edcula de 403 estudiantes y cuenta con una facultad de 35 maestros. <\/p>\n\n\n\n<p>La escuela posee equipo de baloncesto y de ajedrez, los cuales han ganado varios campeonatos. Tambi\u00e9n tiene el Proyecto de Rob\u00f3tica VEX- PRIOR, el cual es auspiciado por NASA. En este Proyecto se trabaja con destrezas STEM, las cuales el estudiante desarrolla mientras construye un robot, para luego competir en varios pueblos de la isla. El equipo, del cual soy mentora, ha llegado hasta las competencias del Latinamerican Challenge por tres a\u00f1os consecutivos, quedando en primer lugar de escuelas p\u00fablicas en el 2014. Estos proyectos deportivos y acad\u00e9micos se unen para ofrecer una educaci\u00f3n de excelencia a nuestros estudiantes.<\/p>\n\n\n\n<p><strong>\u00bfPor qu\u00e9 solicit\u00e9 participar en el proyecto?<\/strong><\/p>\n\n\n\n<p>Solicite participar en el proyecto para ampliar mis conocimientos y estrategias con el prop\u00f3sito de contribuir a mejorar el aprovechamiento acad\u00e9mico de mis estudiantes. Anteriormente ya hab\u00eda o\u00eddo hablar sobre el Proyecto de AlaCiMa y deseaba pertenecer a \u00e9ste para aprender nuevas estrategias y t\u00e9cnicas de ense\u00f1anza que ampliar\u00edan las herramientas a utilizarse en mi sala de clases. <\/p>\n\n\n\n<p>Mi inter\u00e9s siempre ha sido ofrecer una ense\u00f1anza actualizada y de excelencia a mis estudiantes con estrategias efectivas que ayuden a desarrollar las destrezas necesarias para el aprendizaje de la matem\u00e1ticas. <\/p>\n\n\n\n<p>Cuando le\u00ed la convocatoria, vi la oportunidad que deseaba y estaba buscando. Mi satisfacci\u00f3n mayor fue que no me equivoqu\u00e9, en este proyecto desarroll\u00e9 destrezas y adquir\u00ed conocimientos que sobrepasaron las expectativas que ten\u00eda del mismo. Estoy sumamente agradecida y satisfecha. Lo m\u00e1s importante, estoy brindando a mis estudiantes una ense\u00f1anza de excelencia, la cual ellos merecen y ustedes me ayudaron a hacerlo realidad.<span style=\"color: #000000;\"><span style=\"font-family: Arial, serif;\"><span style=\"font-size: medium;\"><\/span><\/span><\/span><\/p>\n\n\n\n<p><strong>Portafolio<\/strong>:<\/p>\n\n\n<div class=\"wp-block-image\">\n<figure class=\"alignleft is-resized\"><a href=\"https:\/\/csmer.uprrp.edu\/wp-content\/uploads\/Portafolio-Carmen-Master-Math-Teacher-junio-2014.pdf\"><img loading=\"lazy\" decoding=\"async\" width=\"1024\" height=\"576\" src=\"https:\/\/csmer.uprrp.edu\/wp-content\/uploads\/Portafolio-Carmen-Master-Math-Teacher-junio-2014-1024x576.jpg\" alt=\"Portafolio Carmen- Master Math Teacher - junio 2014\" class=\"wp-image-2070\" style=\"width:521px;height:auto\" srcset=\"https:\/\/csmer.uprrp.edu\/wp-content\/uploads\/Portafolio-Carmen-Master-Math-Teacher-junio-2014-1024x576.jpg 1024w, https:\/\/csmer.uprrp.edu\/wp-content\/uploads\/Portafolio-Carmen-Master-Math-Teacher-junio-2014-300x169.jpg 300w\" sizes=\"auto, (max-width: 1024px) 100vw, 1024px\" \/><\/a><\/figure>\n<\/div>\n\n\n<p>&nbsp;<\/p>\n","protected":false},"excerpt":{"rendered":"<p>Preparaci\u00f3n Acad\u00e9mica: Experiencia: Distinciones: Grado que ense\u00f1a: Octavo grado Materia: Matem\u00e1ticas Escuela: Intermedia Sor Isolina Ferr\u00e9 La escuela est\u00e1 localizada en la ciudad de Ponce, espec\u00edficamente en el sector de la playa. La misma posee un programa acad\u00e9mico de curso general y curso Pre-vocacional para estudiantes de sal\u00f3n contenido. Atiende una matr\u00edcula de 403 estudiantes&#8230;<\/p>\n","protected":false},"author":1,"featured_media":0,"parent":1960,"menu_order":0,"comment_status":"closed","ping_status":"closed","template":"","meta":{"_kad_post_transparent":"","_kad_post_title":"","_kad_post_layout":"","_kad_post_sidebar_id":"","_kad_post_content_style":"","_kad_post_vertical_padding":"","_kad_post_feature":"","_kad_post_feature_position":"","_kad_post_header":false,"_kad_post_footer":false,"_kad_post_classname":"","footnotes":""},"class_list":["post-1981","page","type-page","status-publish","hentry"],"_links":{"self":[{"href":"https:\/\/csmer.uprrp.edu\/index.php?rest_route=\/wp\/v2\/pages\/1981","targetHints":{"allow":["GET"]}}],"collection":[{"href":"https:\/\/csmer.uprrp.edu\/index.php?rest_route=\/wp\/v2\/pages"}],"about":[{"href":"https:\/\/csmer.uprrp.edu\/index.php?rest_route=\/wp\/v2\/types\/page"}],"author":[{"embeddable":true,"href":"https:\/\/csmer.uprrp.edu\/index.php?rest_route=\/wp\/v2\/users\/1"}],"replies":[{"embeddable":true,"href":"https:\/\/csmer.uprrp.edu\/index.php?rest_route=%2Fwp%2Fv2%2Fcomments&post=1981"}],"version-history":[{"count":4,"href":"https:\/\/csmer.uprrp.edu\/index.php?rest_route=\/wp\/v2\/pages\/1981\/revisions"}],"predecessor-version":[{"id":3683,"href":"https:\/\/csmer.uprrp.edu\/index.php?rest_route=\/wp\/v2\/pages\/1981\/revisions\/3683"}],"up":[{"embeddable":true,"href":"https:\/\/csmer.uprrp.edu\/index.php?rest_route=\/wp\/v2\/pages\/1960"}],"wp:attachment":[{"href":"https:\/\/csmer.uprrp.edu\/index.php?rest_route=%2Fwp%2Fv2%2Fmedia&parent=1981"}],"curies":[{"name":"wp","href":"https:\/\/api.w.org\/{rel}","templated":true}]}}