{"id":1968,"date":"2015-02-10T13:02:06","date_gmt":"2015-02-10T17:02:06","guid":{"rendered":"http:\/\/csmer.uprrp.edu\/?page_id=1968"},"modified":"2025-02-21T14:41:17","modified_gmt":"2025-02-21T18:41:17","slug":"luis-o-de-jesus-torres","status":"publish","type":"page","link":"https:\/\/csmer.uprrp.edu\/?page_id=1968","title":{"rendered":"Luis O De Jes\u00fas Torres"},"content":{"rendered":"<div class=\"wp-block-image\">\n<figure class=\"aligncenter\"><img loading=\"lazy\" decoding=\"async\" width=\"300\" height=\"225\" src=\"https:\/\/csmer.uprrp.edu\/wp-content\/uploads\/IMG_1108-300x225.jpg\" alt=\"IMG_1108\" class=\"wp-image-2257\" srcset=\"https:\/\/csmer.uprrp.edu\/wp-content\/uploads\/IMG_1108-300x225.jpg 300w, https:\/\/csmer.uprrp.edu\/wp-content\/uploads\/IMG_1108-1024x768.jpg 1024w, https:\/\/csmer.uprrp.edu\/wp-content\/uploads\/IMG_1108-250x188.jpg 250w, https:\/\/csmer.uprrp.edu\/wp-content\/uploads\/IMG_1108-550x413.jpg 550w, https:\/\/csmer.uprrp.edu\/wp-content\/uploads\/IMG_1108-800x600.jpg 800w, https:\/\/csmer.uprrp.edu\/wp-content\/uploads\/IMG_1108-240x180.jpg 240w, https:\/\/csmer.uprrp.edu\/wp-content\/uploads\/IMG_1108-400x300.jpg 400w, https:\/\/csmer.uprrp.edu\/wp-content\/uploads\/IMG_1108-667x500.jpg 667w\" sizes=\"auto, (max-width: 300px) 100vw, 300px\" \/><\/figure>\n<\/div>\n\n\n<p><strong>Preparaci\u00f3n Acad\u00e9mica<\/strong>:<\/p>\n\n\n\n<ul class=\"wp-block-list\">\n<li>BA- UPR R\u00edo Piedras <\/li>\n\n\n\n<li>Maestr\u00eda en Curr\u00edculo y ense\u00f1anza en matem\u00e1ticas secundaria. Caribbean University<\/li>\n<\/ul>\n\n\n\n<p><strong>Experiencia<\/strong>:<\/p>\n\n\n\n<ul class=\"wp-block-list\">\n<li>9 a\u00f1os de experiencia en el Departamento de Educaci\u00f3n.<\/li>\n<\/ul>\n\n\n\n<p><strong>Distinciones<\/strong>:<\/p>\n\n\n\n<ul class=\"wp-block-list\">\n<li>Maestro Enlace ALACiMa<\/li>\n\n\n\n<li>Comit\u00e9 evaluador y organizador de las competencias de matem\u00e1ticas.<\/li>\n\n\n\n<li>Maestro mentor de la National Guard Youth Challenge<\/li>\n\n\n\n<li>Maestro L\u00edder de los Viajes Educativos<\/li>\n\n\n\n<li>Visitante Ilustre de la Ciudad De Coronda, Argentina. Decreto 574\/2011<\/li>\n\n\n\n<li>Certificaci\u00f3n de Maestro Master de Matem\u00e1ticas<\/li>\n\n\n\n<li>Capacitador y dise\u00f1ador de ALACiMa<\/li>\n\n\n\n<li>Entrenador de Baseball seleccionado para representar a Guayama<\/li>\n\n\n\n<li>Especialista en curr\u00edculo y ense\u00f1anza en Matem\u00e1ticas Departamento de Educaci\u00f3n<\/li>\n\n\n\n<li>Maestro Cooperador en matem\u00e1ticas, UPR, R\u00edo Piedras<\/li>\n<\/ul>\n\n\n\n<p><strong>Grado que ense\u00f1a<\/strong>: S\u00e9ptimo grado<\/p>\n\n\n\n<p><strong>Materia<\/strong>: Matem\u00e1ticas<\/p>\n\n\n\n<p><strong>Escuela<\/strong>: Francisco A. Garc\u00eda Boyri\u00e9<\/p>\n\n\n\n<p>La Escuela est\u00e1 ubicada en la Urbanizaci\u00f3n Costa Azul, Calle 9, del municipio de Guayama, Puerto Rico. Es una escuela p\u00fablica que presta servicios educativos en el nivel intermedio. Posee una matr\u00edcula de 423 estudiantes. La escuela cuenta con una facultad de 27 maestros, 1 director, 2 personal administrativo, 3 empleados de mantenimiento, 5 empleadas de comedor escolar, 1 trabajador de servicio al estudiante y 1 guardia de seguridad. <\/p>\n\n\n\n<p>Contamos con una planta f\u00edsica relativamente nueva con una gran diversidad de proyectos acad\u00e9micos y con los recursos tecnol\u00f3gicos necesarios para ofrecer una educaci\u00f3n de excelencia a nuestros estudiantes.<\/p>\n\n\n\n<p><strong>\u00bfPor qu\u00e9 solicit\u00e9 participar en el proyecto?<\/strong><\/p>\n\n\n\n<p>Solicit\u00e9 en el proyecto por la necesidad de mejorar profesionalmente y obtener una excelente preparaci\u00f3n en matem\u00e1ticas y adquirir nuevos conocimientos de calidad que est\u00e1n siendo transferidos a mis estudiantes y mis pares.<\/p>\n\n\n\n<p><strong>Portafolio:<\/strong><\/p>\n\n\n<div class=\"wp-block-image\">\n<figure class=\"alignleft is-resized\"><a href=\"https:\/\/csmer.uprrp.edu\/wp-content\/uploads\/portafolio-MMT.pdf\"><img decoding=\"async\" src=\"https:\/\/csmer.uprrp.edu\/wp-content\/uploads\/portafolio-MMT1.jpg\" alt=\"portafolio Luis\" class=\"wp-image-2103\" style=\"width:371px;height:auto\"\/><\/a><\/figure>\n<\/div>\n\n\n<p>&nbsp;<\/p>\n","protected":false},"excerpt":{"rendered":"<p>Preparaci\u00f3n Acad\u00e9mica: Experiencia: Distinciones: Grado que ense\u00f1a: S\u00e9ptimo grado Materia: Matem\u00e1ticas Escuela: Francisco A. Garc\u00eda Boyri\u00e9 La Escuela est\u00e1 ubicada en la Urbanizaci\u00f3n Costa Azul, Calle 9, del municipio de Guayama, Puerto Rico. Es una escuela p\u00fablica que presta servicios educativos en el nivel intermedio. Posee una matr\u00edcula de 423 estudiantes. La escuela cuenta con&#8230;<\/p>\n","protected":false},"author":1,"featured_media":0,"parent":1960,"menu_order":0,"comment_status":"closed","ping_status":"closed","template":"","meta":{"_kad_post_transparent":"","_kad_post_title":"","_kad_post_layout":"","_kad_post_sidebar_id":"","_kad_post_content_style":"","_kad_post_vertical_padding":"","_kad_post_feature":"","_kad_post_feature_position":"","_kad_post_header":false,"_kad_post_footer":false,"_kad_post_classname":"","footnotes":""},"class_list":["post-1968","page","type-page","status-publish","hentry"],"_links":{"self":[{"href":"https:\/\/csmer.uprrp.edu\/index.php?rest_route=\/wp\/v2\/pages\/1968","targetHints":{"allow":["GET"]}}],"collection":[{"href":"https:\/\/csmer.uprrp.edu\/index.php?rest_route=\/wp\/v2\/pages"}],"about":[{"href":"https:\/\/csmer.uprrp.edu\/index.php?rest_route=\/wp\/v2\/types\/page"}],"author":[{"embeddable":true,"href":"https:\/\/csmer.uprrp.edu\/index.php?rest_route=\/wp\/v2\/users\/1"}],"replies":[{"embeddable":true,"href":"https:\/\/csmer.uprrp.edu\/index.php?rest_route=%2Fwp%2Fv2%2Fcomments&post=1968"}],"version-history":[{"count":5,"href":"https:\/\/csmer.uprrp.edu\/index.php?rest_route=\/wp\/v2\/pages\/1968\/revisions"}],"predecessor-version":[{"id":3688,"href":"https:\/\/csmer.uprrp.edu\/index.php?rest_route=\/wp\/v2\/pages\/1968\/revisions\/3688"}],"up":[{"embeddable":true,"href":"https:\/\/csmer.uprrp.edu\/index.php?rest_route=\/wp\/v2\/pages\/1960"}],"wp:attachment":[{"href":"https:\/\/csmer.uprrp.edu\/index.php?rest_route=%2Fwp%2Fv2%2Fmedia&parent=1968"}],"curies":[{"name":"wp","href":"https:\/\/api.w.org\/{rel}","templated":true}]}}