{"id":1966,"date":"2015-02-10T13:00:19","date_gmt":"2015-02-10T17:00:19","guid":{"rendered":"http:\/\/csmer.uprrp.edu\/?page_id=1966"},"modified":"2025-02-21T14:37:49","modified_gmt":"2025-02-21T18:37:49","slug":"josiel-rosado-tirado","status":"publish","type":"page","link":"https:\/\/csmer.uprrp.edu\/?page_id=1966","title":{"rendered":"Josiel Rosado Tirado"},"content":{"rendered":"<div class=\"wp-block-image\">\n<figure class=\"aligncenter is-resized\"><img loading=\"lazy\" decoding=\"async\" width=\"300\" height=\"225\" src=\"https:\/\/csmer.uprrp.edu\/wp-content\/uploads\/IMG_1109-Josiel-300x225.jpg\" alt=\"IMG_1109 Josiel\" class=\"wp-image-2232\" style=\"width:356px;height:auto\" srcset=\"https:\/\/csmer.uprrp.edu\/wp-content\/uploads\/IMG_1109-Josiel-300x225.jpg 300w, https:\/\/csmer.uprrp.edu\/wp-content\/uploads\/IMG_1109-Josiel-1024x768.jpg 1024w, https:\/\/csmer.uprrp.edu\/wp-content\/uploads\/IMG_1109-Josiel-250x188.jpg 250w, https:\/\/csmer.uprrp.edu\/wp-content\/uploads\/IMG_1109-Josiel-550x413.jpg 550w, https:\/\/csmer.uprrp.edu\/wp-content\/uploads\/IMG_1109-Josiel-800x600.jpg 800w, https:\/\/csmer.uprrp.edu\/wp-content\/uploads\/IMG_1109-Josiel-240x180.jpg 240w, https:\/\/csmer.uprrp.edu\/wp-content\/uploads\/IMG_1109-Josiel-400x300.jpg 400w, https:\/\/csmer.uprrp.edu\/wp-content\/uploads\/IMG_1109-Josiel-667x500.jpg 667w\" sizes=\"auto, (max-width: 300px) 100vw, 300px\" \/><\/figure>\n<\/div>\n\n\n<p><strong>Preparaci\u00f3n Acad\u00e9mica<\/strong>:<\/p>\n\n\n\n<ul class=\"wp-block-list\">\n<li>Bachillerato Artes ense\u00f1anza matem\u00e1ticas nivel secundario, UPR Rio Piedras <\/li>\n\n\n\n<li>Maestr\u00eda: Artes en educaci\u00f3n matem\u00e1tica, Universidad Interamericana Recinto Metropolitano<\/li>\n<\/ul>\n\n\n\n<p><strong>Experiencia<\/strong>:<\/p>\n\n\n\n<ul class=\"wp-block-list\">\n<li>8 a\u00f1os de experiencia en el Departamento de Educaci\u00f3n<\/li>\n<\/ul>\n\n\n\n<p><strong>Distinciones<\/strong>:<\/p>\n\n\n\n<ul class=\"wp-block-list\">\n<li>Premio del primer lugar nivel nacional como entrenador Competencias Trig-star<\/li>\n\n\n\n<li>Maestro Nivel Avanzado<\/li>\n\n\n\n<li>Capacitador y dise\u00f1ador de actividades del proyecto AlACiMa<\/li>\n<\/ul>\n\n\n\n<p><strong>Grado que ense\u00f1a<\/strong>: Duod\u00e9cimo grado<\/p>\n\n\n\n<p><strong>Materia<\/strong>: Pre c\u00e1lculo y matem\u00e1tica general universitaria<\/p>\n\n\n\n<p><strong>Escuela<\/strong>: Juan Quirindongo Morell<\/p>\n\n\n\n<p>Escuela Superior localizada en el pueblo de Vega Baja. La misma posee un programa acad\u00e9micos de cursos generales. La escuela atiende una matr\u00edcula de650 estudiantes, habiendo una facultad de 30 maestros.<\/p>\n\n\n\n<p>La escuela cuenta con equipos de baloncesto, voleibol, bal\u00f3n pie, pista y campo. Se distingue en el \u00e1mbito deportivo, pero tambi\u00e9n cuenta con clubs de matem\u00e1tica, rob\u00f3tica, ciencia ambientales, tiene un huerto casero y hasta un club de futuros ingenieros. Es una escuela con buena estructura f\u00edsica y tiene sus equipos tecnol\u00f3gicos, como lo son pizarras inteligentes para la facultad de matem\u00e1ticas.<\/p>\n\n\n\n<p><strong>\u00bfPor qu\u00e9 solicit\u00e9 participar en el proyecto?<\/strong><\/p>\n\n\n\n<p>Aunque suene trillado, solicite para este proyecto para ser un Maestro Master en Matem\u00e1ticas. El nombre del proyecto llam\u00f3 de inmediato mi atenci\u00f3n, pues siempre he querido ser el mejor en lo que hago, me gusta ser maestro, me gusta ense\u00f1ar tanto a los estudiantes como a otros maestros. El proyecto me brindaba la oportunidad de lograr ambas cosas, por lo que de inmediato desee participar en el proyecto. Es una experiencia \u00fanica la cual volver\u00eda a repetir durante 22 a\u00f1os m\u00e1s.<\/p>\n\n\n\n<p><span style=\"color: #000000;\"><span style=\"font-family: Arial, serif;\"><span style=\"font-size: medium;\"><strong><\/strong><\/span><\/span><\/span><strong>Portafolio:<\/strong><\/p>\n\n\n<div class=\"wp-block-image\">\n<figure class=\"alignleft is-resized\"><a href=\"https:\/\/csmer.uprrp.edu\/wp-content\/uploads\/PORTAFOLIO-ELECTRONICO-Final-JOSIEL.pdf\"><img loading=\"lazy\" decoding=\"async\" width=\"1024\" height=\"768\" src=\"https:\/\/csmer.uprrp.edu\/wp-content\/uploads\/PORTAFOLIO-ELECTRONICO-Final-JOSIEL-1024x768.jpg\" alt=\"PORTAFOLIO ELECTRONICO Final JOSIEL\" class=\"wp-image-2075\" style=\"width:490px;height:auto\" srcset=\"https:\/\/csmer.uprrp.edu\/wp-content\/uploads\/PORTAFOLIO-ELECTRONICO-Final-JOSIEL-1024x768.jpg 1024w, https:\/\/csmer.uprrp.edu\/wp-content\/uploads\/PORTAFOLIO-ELECTRONICO-Final-JOSIEL-300x225.jpg 300w\" sizes=\"auto, (max-width: 1024px) 100vw, 1024px\" \/><\/a><\/figure>\n<\/div>\n\n\n<p><\/p>\n","protected":false},"excerpt":{"rendered":"<p>Preparaci\u00f3n Acad\u00e9mica: Experiencia: Distinciones: Grado que ense\u00f1a: Duod\u00e9cimo grado Materia: Pre c\u00e1lculo y matem\u00e1tica general universitaria Escuela: Juan Quirindongo Morell Escuela Superior localizada en el pueblo de Vega Baja. La misma posee un programa acad\u00e9micos de cursos generales. La escuela atiende una matr\u00edcula de650 estudiantes, habiendo una facultad de 30 maestros. La escuela cuenta con&#8230;<\/p>\n","protected":false},"author":1,"featured_media":0,"parent":1960,"menu_order":0,"comment_status":"closed","ping_status":"closed","template":"","meta":{"_kad_post_transparent":"","_kad_post_title":"","_kad_post_layout":"","_kad_post_sidebar_id":"","_kad_post_content_style":"","_kad_post_vertical_padding":"","_kad_post_feature":"","_kad_post_feature_position":"","_kad_post_header":false,"_kad_post_footer":false,"_kad_post_classname":"","footnotes":""},"class_list":["post-1966","page","type-page","status-publish","hentry"],"_links":{"self":[{"href":"https:\/\/csmer.uprrp.edu\/index.php?rest_route=\/wp\/v2\/pages\/1966","targetHints":{"allow":["GET"]}}],"collection":[{"href":"https:\/\/csmer.uprrp.edu\/index.php?rest_route=\/wp\/v2\/pages"}],"about":[{"href":"https:\/\/csmer.uprrp.edu\/index.php?rest_route=\/wp\/v2\/types\/page"}],"author":[{"embeddable":true,"href":"https:\/\/csmer.uprrp.edu\/index.php?rest_route=\/wp\/v2\/users\/1"}],"replies":[{"embeddable":true,"href":"https:\/\/csmer.uprrp.edu\/index.php?rest_route=%2Fwp%2Fv2%2Fcomments&post=1966"}],"version-history":[{"count":4,"href":"https:\/\/csmer.uprrp.edu\/index.php?rest_route=\/wp\/v2\/pages\/1966\/revisions"}],"predecessor-version":[{"id":3685,"href":"https:\/\/csmer.uprrp.edu\/index.php?rest_route=\/wp\/v2\/pages\/1966\/revisions\/3685"}],"up":[{"embeddable":true,"href":"https:\/\/csmer.uprrp.edu\/index.php?rest_route=\/wp\/v2\/pages\/1960"}],"wp:attachment":[{"href":"https:\/\/csmer.uprrp.edu\/index.php?rest_route=%2Fwp%2Fv2%2Fmedia&parent=1966"}],"curies":[{"name":"wp","href":"https:\/\/api.w.org\/{rel}","templated":true}]}}