{"id":1960,"date":"2015-02-10T12:51:07","date_gmt":"2015-02-10T16:51:07","guid":{"rendered":"http:\/\/csmer.uprrp.edu\/?page_id=1960"},"modified":"2025-02-21T12:40:20","modified_gmt":"2025-02-21T16:40:20","slug":"perfiles-2","status":"publish","type":"page","link":"https:\/\/csmer.uprrp.edu\/?page_id=1960","title":{"rendered":"Perfiles y Portafolios"},"content":{"rendered":"\n<figure class=\"wp-block-table\"><table class=\"has-fixed-layout\"><tbody><tr><td><a href=\"https:\/\/csmer.uprrp.edu\/?page_id=1962\" data-type=\"page\" data-id=\"1962\">Amabel T. Soto Guzm\u00e1n<\/a><br>Carmen L. Feliciano Carreras<\/td><td><a href=\"https:\/\/csmer.uprrp.edu\/?page_id=1970\" data-type=\"page\" data-id=\"1970\">Marilyn Santiago Rom\u00e1n<\/a><br>H\u00e9ctor Hern\u00e1ndez Arana<\/td><\/tr><tr><td><a href=\"https:\/\/csmer.uprrp.edu\/?page_id=1981\" data-type=\"page\" data-id=\"1981\">Carmen J. Vel\u00e1zquez Rivera<\/a><br>Intermedia Sor Isolina Ferr\u00e9<\/td><td><a href=\"https:\/\/csmer.uprrp.edu\/?page_id=1973\" data-type=\"page\" data-id=\"1973\">Osvaldo Par\u00e9s Rivera<\/a><br>Eugenio Mar\u00eda de Hostos<\/td><\/tr><tr><td><a href=\"https:\/\/csmer.uprrp.edu\/?page_id=1966\" data-type=\"page\" data-id=\"1966\">Josiel Rosado Tirado<\/a><br>Juan Quirindongo Morell<\/td><td><a href=\"https:\/\/csmer.uprrp.edu\/?page_id=1975\" data-type=\"page\" data-id=\"1975\">Sylvia Hern\u00e1ndez Acevedo<\/a><br>Dr. Carlos Gonz\u00e1lez<\/td><\/tr><tr><td><a href=\"https:\/\/csmer.uprrp.edu\/?page_id=1968\" data-type=\"page\" data-id=\"1968\">Luis O. De Jes\u00fas Torres<\/a><br>Francisco A. Garc\u00eda Boyri\u00e9<\/td><td><a href=\"https:\/\/csmer.uprrp.edu\/?page_id=1977\" data-type=\"page\" data-id=\"1977\">Tom\u00e1s D\u00edaz Berr\u00edos<\/a><br>Jos\u00e9 Rojas Cort\u00e9s<\/td><\/tr><tr><td><a href=\"https:\/\/csmer.uprrp.edu\/?page_id=1964\" data-type=\"page\" data-id=\"1964\">Lymarie P\u00e9rez Muler<\/a><br>Petra\u00a0Mercado\u00a0Bougart<\/td><td><a href=\"https:\/\/csmer.uprrp.edu\/?page_id=1979\" data-type=\"page\" data-id=\"1979\">Yamily Col\u00f3n Negr\u00f3n<\/a><br>Jos\u00e9 S. Alegr\u00eda<\/td><\/tr><\/tbody><\/table><\/figure>\n","protected":false},"excerpt":{"rendered":"<p>Amabel T. Soto Guzm\u00e1nCarmen L. Feliciano Carreras Marilyn Santiago Rom\u00e1nH\u00e9ctor Hern\u00e1ndez Arana Carmen J. Vel\u00e1zquez RiveraIntermedia Sor Isolina Ferr\u00e9 Osvaldo Par\u00e9s RiveraEugenio Mar\u00eda de Hostos Josiel Rosado TiradoJuan Quirindongo Morell Sylvia Hern\u00e1ndez AcevedoDr. Carlos Gonz\u00e1lez Luis O. De Jes\u00fas TorresFrancisco A. Garc\u00eda Boyri\u00e9 Tom\u00e1s D\u00edaz Berr\u00edosJos\u00e9 Rojas Cort\u00e9s Lymarie P\u00e9rez MulerPetra\u00a0Mercado\u00a0Bougart Yamily Col\u00f3n Negr\u00f3nJos\u00e9 S&#8230;.<\/p>\n","protected":false},"author":1,"featured_media":0,"parent":24,"menu_order":0,"comment_status":"closed","ping_status":"closed","template":"","meta":{"_kad_post_transparent":"","_kad_post_title":"","_kad_post_layout":"","_kad_post_sidebar_id":"","_kad_post_content_style":"","_kad_post_vertical_padding":"","_kad_post_feature":"","_kad_post_feature_position":"","_kad_post_header":false,"_kad_post_footer":false,"_kad_post_classname":"","footnotes":""},"class_list":["post-1960","page","type-page","status-publish","hentry"],"_links":{"self":[{"href":"https:\/\/csmer.uprrp.edu\/index.php?rest_route=\/wp\/v2\/pages\/1960","targetHints":{"allow":["GET"]}}],"collection":[{"href":"https:\/\/csmer.uprrp.edu\/index.php?rest_route=\/wp\/v2\/pages"}],"about":[{"href":"https:\/\/csmer.uprrp.edu\/index.php?rest_route=\/wp\/v2\/types\/page"}],"author":[{"embeddable":true,"href":"https:\/\/csmer.uprrp.edu\/index.php?rest_route=\/wp\/v2\/users\/1"}],"replies":[{"embeddable":true,"href":"https:\/\/csmer.uprrp.edu\/index.php?rest_route=%2Fwp%2Fv2%2Fcomments&post=1960"}],"version-history":[{"count":4,"href":"https:\/\/csmer.uprrp.edu\/index.php?rest_route=\/wp\/v2\/pages\/1960\/revisions"}],"predecessor-version":[{"id":3605,"href":"https:\/\/csmer.uprrp.edu\/index.php?rest_route=\/wp\/v2\/pages\/1960\/revisions\/3605"}],"up":[{"embeddable":true,"href":"https:\/\/csmer.uprrp.edu\/index.php?rest_route=\/wp\/v2\/pages\/24"}],"wp:attachment":[{"href":"https:\/\/csmer.uprrp.edu\/index.php?rest_route=%2Fwp%2Fv2%2Fmedia&parent=1960"}],"curies":[{"name":"wp","href":"https:\/\/api.w.org\/{rel}","templated":true}]}}