{"id":1956,"date":"2015-02-10T12:48:22","date_gmt":"2015-02-10T16:48:22","guid":{"rendered":"http:\/\/csmer.uprrp.edu\/?page_id=1956"},"modified":"2025-02-21T13:56:20","modified_gmt":"2025-02-21T17:56:20","slug":"jadira-a-aponte-ramirez","status":"publish","type":"page","link":"https:\/\/csmer.uprrp.edu\/?page_id=1956","title":{"rendered":"Jadira A. Aponte Ram\u00edrez"},"content":{"rendered":"<div class=\"wp-block-image\">\n<figure class=\"aligncenter\"><img loading=\"lazy\" decoding=\"async\" width=\"167\" height=\"300\" src=\"https:\/\/csmer.uprrp.edu\/wp-content\/uploads\/received_10207196382411586-167x300.jpeg\" alt=\"received_10207196382411586\" class=\"wp-image-2366\" srcset=\"https:\/\/csmer.uprrp.edu\/wp-content\/uploads\/received_10207196382411586-167x300.jpeg 167w, https:\/\/csmer.uprrp.edu\/wp-content\/uploads\/received_10207196382411586-250x448.jpeg 250w, https:\/\/csmer.uprrp.edu\/wp-content\/uploads\/received_10207196382411586-100x180.jpeg 100w, https:\/\/csmer.uprrp.edu\/wp-content\/uploads\/received_10207196382411586-279x500.jpeg 279w, https:\/\/csmer.uprrp.edu\/wp-content\/uploads\/received_10207196382411586.jpeg 516w\" sizes=\"auto, (max-width: 167px) 100vw, 167px\" \/><\/figure>\n<\/div>\n\n\n<p><strong>Preparaci\u00f3n Acad\u00e9mica<\/strong>:<\/p>\n\n\n\n<ul class=\"wp-block-list\">\n<li>Bachillerato en Educaci\u00f3n Secundaria Biolog\u00eda, Universidad Interamericana <\/li>\n\n\n\n<li>Maestr\u00eda: 42 cr\u00e9ditos tesis en proceso, Caribbean University<\/li>\n<\/ul>\n\n\n\n<p><strong>Experiencia<\/strong>:<\/p>\n\n\n\n<ul class=\"wp-block-list\">\n<li>10 a\u00f1os de experiencia en el Departamento de Educaci\u00f3n<\/li>\n\n\n\n<li>2 a\u00f1os de maestra en la Academia Santa Teresita<\/li>\n<\/ul>\n\n\n\n<p><strong>Distinciones<\/strong>:<\/p>\n\n\n\n<ul class=\"wp-block-list\">\n<li>A trav\u00e9s de cinco a\u00f1os consecutivos los estudiantes que he asesorado en Feria Cient\u00edfica han obtenido premio a nivel Regional. <\/li>\n\n\n\n<li>Clases televisivas de Ciencia, compa\u00f1\u00eda Ballori <\/li>\n\n\n\n<li>Articulo sometido para publicaci\u00f3n junto al Dr. Jos\u00e9 Agosto<\/li>\n<\/ul>\n\n\n\n<p><strong>Grado que ense\u00f1a<\/strong>: D\u00e9cimo a duod\u00e9cimo grado<\/p>\n\n\n\n<p><strong>Materia<\/strong>: Biolog\u00eda, Ciencia Ambiental y Qu\u00edmica<\/p>\n\n\n\n<p><strong>Escuela<\/strong>: Alberto Mel\u00e9ndez Torres<\/p>\n\n\n\n<p>Escuela Superior localizada en el pueblo de Orocovis. La misma posee un programa acad\u00e9mico general. La escuela atiende una matr\u00edcula de 380 estudiantes, habiendo una facultad de 20 maestros. <\/p>\n\n\n\n<p>Contamos con un excelente equipo de trabajo en las \u00e1reas de Educaci\u00f3n F\u00edsica nuestros estudiantes son destacados en pista y campo, voleibol y softball. Tambi\u00e9n nuestros estudiantes son destacados en el \u00e1rea de la ciencia con una excelente participaci\u00f3n y siendo reconocidos en las categor\u00edas trabajadas ganando premios de primero, segundo y premios especiales en la Feria Regional de Bayam\u00f3n. Adem\u00e1s un total de dos hasta cinco estudiantes pasan el examen de ASVAB siendo bien remunerados en el Army o Air Force. Hubo estudiantes reconocidos por el gobernador por estar entre las calificaciones m\u00e1s altas del College Board. Cabe mencionar que en este a\u00f1o fuimos escuela en transformaci\u00f3n y unos de los beneficios que adquirimos fue recursos tecnol\u00f3gicos necesarios y el sistema de hidropon\u00eda en invernadero para ofrecer una educaci\u00f3n de excelencia a nuestros estudiantes.<\/p>\n\n\n\n<p><strong>\u00bfPor qu\u00e9 solicit\u00e9 participar en el proyecto?<\/strong><\/p>\n\n\n\n<p>Los educadores tenemos que estar a la vanguardia. D\u00eda a d\u00eda hay que capacitarse para ense\u00f1ar el contenido lo m\u00e1s correcto posible porque ense\u00f1amos a humanos y no a m\u00e1quinas; es decir, no es nada sencillo borrar conceptos err\u00f3neos del cerebro humano. Por otro lado, la monoton\u00eda es mortal. Como educadores hay que reinventarse buscando estrategias, t\u00e9cnicas y actividades diversas y muy creativas porque como buen actor el educador debe dejar al espectador con expectativas nuevas. Solicit\u00e9 porque entend\u00ed que era una excelente oportunidad de crecimiento profesional. Tambi\u00e9n solicite al proyecto como un reto para ser evaluada en mis pr\u00e1cticas educativas por un equipo de calidad y excelencia. Con esta experiencia ten\u00eda expectativas altas y fueron totalmente superadas.<\/p>\n","protected":false},"excerpt":{"rendered":"<p>Preparaci\u00f3n Acad\u00e9mica: Experiencia: Distinciones: Grado que ense\u00f1a: D\u00e9cimo a duod\u00e9cimo grado Materia: Biolog\u00eda, Ciencia Ambiental y Qu\u00edmica Escuela: Alberto Mel\u00e9ndez Torres Escuela Superior localizada en el pueblo de Orocovis. La misma posee un programa acad\u00e9mico general. La escuela atiende una matr\u00edcula de 380 estudiantes, habiendo una facultad de 20 maestros. Contamos con un excelente equipo&#8230;<\/p>\n","protected":false},"author":1,"featured_media":0,"parent":169,"menu_order":0,"comment_status":"closed","ping_status":"closed","template":"","meta":{"_kad_post_transparent":"","_kad_post_title":"","_kad_post_layout":"","_kad_post_sidebar_id":"","_kad_post_content_style":"","_kad_post_vertical_padding":"","_kad_post_feature":"","_kad_post_feature_position":"","_kad_post_header":false,"_kad_post_footer":false,"_kad_post_classname":"","footnotes":""},"class_list":["post-1956","page","type-page","status-publish","hentry"],"_links":{"self":[{"href":"https:\/\/csmer.uprrp.edu\/index.php?rest_route=\/wp\/v2\/pages\/1956","targetHints":{"allow":["GET"]}}],"collection":[{"href":"https:\/\/csmer.uprrp.edu\/index.php?rest_route=\/wp\/v2\/pages"}],"about":[{"href":"https:\/\/csmer.uprrp.edu\/index.php?rest_route=\/wp\/v2\/types\/page"}],"author":[{"embeddable":true,"href":"https:\/\/csmer.uprrp.edu\/index.php?rest_route=\/wp\/v2\/users\/1"}],"replies":[{"embeddable":true,"href":"https:\/\/csmer.uprrp.edu\/index.php?rest_route=%2Fwp%2Fv2%2Fcomments&post=1956"}],"version-history":[{"count":5,"href":"https:\/\/csmer.uprrp.edu\/index.php?rest_route=\/wp\/v2\/pages\/1956\/revisions"}],"predecessor-version":[{"id":3666,"href":"https:\/\/csmer.uprrp.edu\/index.php?rest_route=\/wp\/v2\/pages\/1956\/revisions\/3666"}],"up":[{"embeddable":true,"href":"https:\/\/csmer.uprrp.edu\/index.php?rest_route=\/wp\/v2\/pages\/169"}],"wp:attachment":[{"href":"https:\/\/csmer.uprrp.edu\/index.php?rest_route=%2Fwp%2Fv2%2Fmedia&parent=1956"}],"curies":[{"name":"wp","href":"https:\/\/api.w.org\/{rel}","templated":true}]}}