{"id":1359,"date":"2014-05-29T11:49:12","date_gmt":"2014-05-29T15:49:12","guid":{"rendered":"http:\/\/csmer.uprrp.edu\/?page_id=1359"},"modified":"2024-11-30T19:52:17","modified_gmt":"2024-11-30T23:52:17","slug":"unidad-i","status":"publish","type":"page","link":"https:\/\/csmer.uprrp.edu\/?page_id=1359","title":{"rendered":"Unidad I"},"content":{"rendered":"<p><strong>Desperdicios s\u00f3lidos<\/strong><\/p>\n<p>Cohort 2014-16:<\/p>\n<figure style=\"width: 296px\" class=\"wp-caption aligncenter\"><a href=\"https:\/\/csmer.uprrp.edu\/wp-content\/uploads\/Unidad_1_-_Desperdicios_S+\u00a6lidos_Rev._6-oct-_2014.d-MF.pdf\" target=\"_blank\" rel=\"noopener\"><img decoding=\"async\" class=\"aligncenter  wp-image-1349\" src=\"https:\/\/csmer.uprrp.edu\/wp-content\/uploads\/Unidad-1-Desperdicios-Solidos-v2-791x1024.jpg\" alt=\"Unidad 1 - Desperdicios Solidos\"\/><\/a><figcaption class=\"wp-caption-text\"><br \/><a href=\"https:\/\/csmer.uprrp.edu\/wp-content\/uploads\/Unidad_1_-_Desperdicios_S+\u00a6lidos_Rev._6-oct-_2014.d-MF.pdf\" target=\"_blank\" rel=\"noopener\">Unidad 1 &#8211; Desperdicios S\u00f3lidos v2<\/a><\/figcaption><\/figure>\n<p>Cohort 2012-14:<\/p>\n<figure style=\"width: 296px\" class=\"wp-caption aligncenter\"><a href=\"https:\/\/csmer.uprrp.edu\/wp-content\/uploads\/UNIDAD-I-COMPOSICI\u00d3N-Y-GENERACI\u00d3N-DE-LOS.pdf\" target=\"_blank\" rel=\"noopener\"><img loading=\"lazy\" decoding=\"async\" width=\"791\" height=\"1024\" class=\"aligncenter  wp-image-1349\" src=\"https:\/\/csmer.uprrp.edu\/wp-content\/uploads\/UNIDAD-I-COMPOSICI\u00d3N-Y-GENERACI\u00d3N-DE-LOS-page-001-791x1024.jpg\" alt=\"Unidad I - Composici\u00f3n y generaci\u00f3n de los desperdicios s\u00f3lidos\" srcset=\"https:\/\/csmer.uprrp.edu\/wp-content\/uploads\/UNIDAD-I-COMPOSICI\u00d3N-Y-GENERACI\u00d3N-DE-LOS-page-001-791x1024.jpg 791w, https:\/\/csmer.uprrp.edu\/wp-content\/uploads\/UNIDAD-I-COMPOSICI\u00d3N-Y-GENERACI\u00d3N-DE-LOS-page-001-231x300.jpg 231w\" sizes=\"auto, (max-width: 791px) 100vw, 791px\" \/><\/a><figcaption class=\"wp-caption-text\"><br \/><a href=\"https:\/\/csmer.uprrp.edu\/wp-content\/uploads\/UNIDAD-I-COMPOSICI\u00d3N-Y-GENERACI\u00d3N-DE-LOS.pdf\" target=\"_blank\" rel=\"noopener\">Unidad I Documento PDF<\/a><\/figcaption><\/figure>\n<figure style=\"width: 300px\" class=\"wp-caption aligncenter\"><a href=\"https:\/\/csmer.uprrp.edu\/wp-content\/uploads\/uNIDAD-I-power-point-presentation.pdf\" target=\"_blank\" rel=\"noopener\"><img loading=\"lazy\" decoding=\"async\" width=\"300\" height=\"225\" class=\"size-medium wp-image-1351 alignleft\" src=\"https:\/\/csmer.uprrp.edu\/wp-content\/uploads\/uNIDAD-I-power-point-presentation-page-001-300x225.jpg\" srcset=\"https:\/\/csmer.uprrp.edu\/wp-content\/uploads\/uNIDAD-I-power-point-presentation-page-001-300x225.jpg 300w, https:\/\/csmer.uprrp.edu\/wp-content\/uploads\/uNIDAD-I-power-point-presentation-page-001-1024x768.jpg 1024w\" sizes=\"auto, (max-width: 300px) 100vw, 300px\" \/><\/a><figcaption class=\"wp-caption-text\"><br \/><a href=\"https:\/\/csmer.uprrp.edu\/wp-content\/uploads\/uNIDAD-I-power-point-presentation.pdf\" target=\"_blank\" rel=\"noopener\">Unidad I Presentaci\u00f3n Powerpoint<\/a><\/figcaption><\/figure>\n","protected":false},"excerpt":{"rendered":"<p>Desperdicios s\u00f3lidos Cohort 2014-16: Cohort 2012-14:<\/p>\n","protected":false},"author":1,"featured_media":0,"parent":215,"menu_order":0,"comment_status":"closed","ping_status":"closed","template":"","meta":{"_kad_post_transparent":"","_kad_post_title":"","_kad_post_layout":"","_kad_post_sidebar_id":"","_kad_post_content_style":"","_kad_post_vertical_padding":"","_kad_post_feature":"","_kad_post_feature_position":"","_kad_post_header":false,"_kad_post_footer":false,"_kad_post_classname":"","footnotes":""},"class_list":["post-1359","page","type-page","status-publish","hentry"],"_links":{"self":[{"href":"https:\/\/csmer.uprrp.edu\/index.php?rest_route=\/wp\/v2\/pages\/1359","targetHints":{"allow":["GET"]}}],"collection":[{"href":"https:\/\/csmer.uprrp.edu\/index.php?rest_route=\/wp\/v2\/pages"}],"about":[{"href":"https:\/\/csmer.uprrp.edu\/index.php?rest_route=\/wp\/v2\/types\/page"}],"author":[{"embeddable":true,"href":"https:\/\/csmer.uprrp.edu\/index.php?rest_route=\/wp\/v2\/users\/1"}],"replies":[{"embeddable":true,"href":"https:\/\/csmer.uprrp.edu\/index.php?rest_route=%2Fwp%2Fv2%2Fcomments&post=1359"}],"version-history":[{"count":5,"href":"https:\/\/csmer.uprrp.edu\/index.php?rest_route=\/wp\/v2\/pages\/1359\/revisions"}],"predecessor-version":[{"id":2857,"href":"https:\/\/csmer.uprrp.edu\/index.php?rest_route=\/wp\/v2\/pages\/1359\/revisions\/2857"}],"up":[{"embeddable":true,"href":"https:\/\/csmer.uprrp.edu\/index.php?rest_route=\/wp\/v2\/pages\/215"}],"wp:attachment":[{"href":"https:\/\/csmer.uprrp.edu\/index.php?rest_route=%2Fwp%2Fv2%2Fmedia&parent=1359"}],"curies":[{"name":"wp","href":"https:\/\/api.w.org\/{rel}","templated":true}]}}